{"id":58,"date":"2015-01-29T18:50:50","date_gmt":"2015-01-29T17:50:50","guid":{"rendered":"http:\/\/themes.laborator.co\/aurum\/bookshop\/?page_id=43"},"modified":"2025-09-26T18:24:09","modified_gmt":"2025-09-26T16:24:09","slug":"a-propos","status":"publish","type":"page","link":"https:\/\/www.edition-tawhid.com\/staging-site\/a-propos\/","title":{"rendered":"\u00c0 propos"},"content":{"rendered":"<div class=\"wpb-content-wrapper\"><p>[vc_row][vc_column][vc_column_text css=\u00a0\u00bb\u00a0\u00bb]<\/p>\n<h2 style=\"text-align: center;\">Tawhid :<br \/>\nLa R\u00e9f\u00e9rence de l\u2019\u00e9dition musulmane francophone<\/h2>\n<p>&nbsp;<\/p>\n<p>Les \u00c9ditions Tawhid ont pour ambition de promouvoir les valeurs de l\u2019islam et sa spiritualit\u00e9, cherchant \u00e0 rendre accessible la qu\u00eate et l\u2019int\u00e9r\u00eat sur l\u2019Islam en langue fran\u00e7aise.<\/p>\n<p>L\u2019ensemble de notre production est disponible dans l\u2019ensemble de notre r\u00e9seau de diffusion: les librairies musulmanes sp\u00e9cialis\u00e9es en Europe et les librairies g\u00e9n\u00e9ralistes (Fnac, Flammarion\u2026), mais aussi par le biais de notre boutique en ligne. Sans oublier une large diffusion \u00e0 l\u2019export vers les pays de l\u2019aire francophone (Suisse, Belgique, Maghreb, Afrique de l\u2019ouest, Qu\u00e9bec, Iles francophones de l\u2019oc\u00e9an indien).<\/p>\n<p>&nbsp;<\/p>\n<hr \/>\n<p><a href=\"https:\/\/www.edition-tawhid.com\/staging-site\/wp-content\/uploads\/2025\/01\/catalogue-v1.pdf\">T\u00e9l\u00e9chargez le catalogue des \u00e9ditions Tawhid 2025 (V1)<\/a>[\/vc_column_text][\/vc_column][\/vc_row][vc_row][vc_column][vc_single_image image=\u00a0\u00bb5404&Prime; img_size=\u00a0\u00bbfull\u00a0\u00bb alignment=\u00a0\u00bbcenter\u00a0\u00bb][\/vc_column][\/vc_row]<\/p>\n<\/div>","protected":false},"excerpt":{"rendered":"<p>[vc_row][vc_column][vc_column_text css=\u00a0\u00bb\u00a0\u00bb] Tawhid : La R\u00e9f\u00e9rence de l\u2019\u00e9dition musulmane francophone &nbsp; Les \u00c9ditions Tawhid ont pour ambition de promouvoir les valeurs de l\u2019islam et sa spiritualit\u00e9, cherchant \u00e0 rendre accessible la qu\u00eate et l\u2019int\u00e9r\u00eat sur l\u2019Islam en langue fran\u00e7aise. L\u2019ensemble de notre production est disponible dans l\u2019ensemble de notre r\u00e9seau de diffusion: les librairies musulmanes sp\u00e9cialis\u00e9es en Europe et les librairies g\u00e9n\u00e9ralistes (Fnac, Flammarion\u2026), mais aussi par le biais de notre boutique en ligne. Sans&hellip;<\/p>\n","protected":false},"author":2,"featured_media":0,"parent":0,"menu_order":0,"comment_status":"open","ping_status":"closed","template":"","meta":{"_acf_changed":false,"footnotes":""},"class_list":["post-58","page","type-page","status-publish","hentry"],"acf":[],"yoast_head":"<!-- This site is optimized with the Yoast SEO plugin v27.1.1 - https:\/\/yoast.com\/product\/yoast-seo-wordpress\/ -->\n<title>\u00c0 propos - \u00c9ditions Tawhid<\/title>\n<meta name=\"robots\" content=\"noindex, follow, max-snippet:-1, max-image-preview:large, max-video-preview:-1\" \/>\n<meta property=\"og:locale\" content=\"fr_FR\" \/>\n<meta property=\"og:type\" content=\"article\" \/>\n<meta property=\"og:title\" content=\"\u00c0 propos - \u00c9ditions Tawhid\" \/>\n<meta property=\"og:description\" content=\"[vc_row][vc_column][vc_column_text css=\u00a0\u00bb\u00a0\u00bb] Tawhid : La R\u00e9f\u00e9rence de l\u2019\u00e9dition musulmane francophone &nbsp; Les \u00c9ditions Tawhid ont pour ambition de promouvoir les valeurs de l\u2019islam et sa spiritualit\u00e9, cherchant \u00e0 rendre accessible la qu\u00eate et l\u2019int\u00e9r\u00eat sur l\u2019Islam en langue fran\u00e7aise. L\u2019ensemble de notre production est disponible dans l\u2019ensemble de notre r\u00e9seau de diffusion: les librairies musulmanes sp\u00e9cialis\u00e9es en Europe et les librairies g\u00e9n\u00e9ralistes (Fnac, Flammarion\u2026), mais aussi par le biais de notre boutique en ligne. Sans&hellip;\" \/>\n<meta property=\"og:url\" content=\"https:\/\/www.edition-tawhid.com\/staging-site\/a-propos\/\" \/>\n<meta property=\"og:site_name\" content=\"\u00c9ditions Tawhid\" \/>\n<meta property=\"article:publisher\" content=\"https:\/\/www.facebook.com\/editiontawhid\/\" \/>\n<meta property=\"article:modified_time\" content=\"2025-09-26T16:24:09+00:00\" \/>\n<meta property=\"og:image\" content=\"https:\/\/www.edition-tawhid.com\/staging-site\/wp-content\/uploads\/2019\/04\/logo_noir_v2-01.png\" \/>\n\t<meta property=\"og:image:width\" content=\"81\" \/>\n\t<meta property=\"og:image:height\" content=\"112\" \/>\n\t<meta property=\"og:image:type\" content=\"image\/png\" \/>\n<meta name=\"twitter:card\" content=\"summary_large_image\" \/>\n<meta name=\"twitter:label1\" content=\"Dur\u00e9e de lecture estim\u00e9e\" \/>\n\t<meta name=\"twitter:data1\" content=\"2 minutes\" \/>\n<script type=\"application\/ld+json\" class=\"yoast-schema-graph\">{\"@context\":\"https:\/\/schema.org\",\"@graph\":[{\"@type\":\"WebPage\",\"@id\":\"https:\/\/www.edition-tawhid.com\/staging-site\/a-propos\/\",\"url\":\"https:\/\/www.edition-tawhid.com\/staging-site\/a-propos\/\",\"name\":\"\u00c0 propos - \u00c9ditions Tawhid\",\"isPartOf\":{\"@id\":\"https:\/\/www.edition-tawhid.com\/staging-site\/#website\"},\"datePublished\":\"2015-01-29T17:50:50+00:00\",\"dateModified\":\"2025-09-26T16:24:09+00:00\",\"breadcrumb\":{\"@id\":\"https:\/\/www.edition-tawhid.com\/staging-site\/a-propos\/#breadcrumb\"},\"inLanguage\":\"fr-FR\",\"potentialAction\":[{\"@type\":\"ReadAction\",\"target\":[\"https:\/\/www.edition-tawhid.com\/staging-site\/a-propos\/\"]}]},{\"@type\":\"BreadcrumbList\",\"@id\":\"https:\/\/www.edition-tawhid.com\/staging-site\/a-propos\/#breadcrumb\",\"itemListElement\":[{\"@type\":\"ListItem\",\"position\":1,\"name\":\"Accueil\",\"item\":\"https:\/\/www.edition-tawhid.com\/staging-site\/\"},{\"@type\":\"ListItem\",\"position\":2,\"name\":\"\u00c0 propos\"}]},{\"@type\":\"WebSite\",\"@id\":\"https:\/\/www.edition-tawhid.com\/staging-site\/#website\",\"url\":\"https:\/\/www.edition-tawhid.com\/staging-site\/\",\"name\":\"\u00c9ditions Tawhid\",\"description\":\"Le sp\u00e9cialiste du livre islamique francophone\",\"publisher\":{\"@id\":\"https:\/\/www.edition-tawhid.com\/staging-site\/#organization\"},\"potentialAction\":[{\"@type\":\"SearchAction\",\"target\":{\"@type\":\"EntryPoint\",\"urlTemplate\":\"https:\/\/www.edition-tawhid.com\/staging-site\/?s={search_term_string}\"},\"query-input\":{\"@type\":\"PropertyValueSpecification\",\"valueRequired\":true,\"valueName\":\"search_term_string\"}}],\"inLanguage\":\"fr-FR\"},{\"@type\":\"Organization\",\"@id\":\"https:\/\/www.edition-tawhid.com\/staging-site\/#organization\",\"name\":\"Editions Tawhid\",\"url\":\"https:\/\/www.edition-tawhid.com\/staging-site\/\",\"logo\":{\"@type\":\"ImageObject\",\"inLanguage\":\"fr-FR\",\"@id\":\"https:\/\/www.edition-tawhid.com\/staging-site\/#\/schema\/logo\/image\/\",\"url\":\"https:\/\/www.edition-tawhid.com\/staging-site\/wp-content\/uploads\/2018\/12\/logo_noir_v1-01.png\",\"contentUrl\":\"https:\/\/www.edition-tawhid.com\/staging-site\/wp-content\/uploads\/2018\/12\/logo_noir_v1-01.png\",\"width\":80,\"height\":112,\"caption\":\"Editions Tawhid\"},\"image\":{\"@id\":\"https:\/\/www.edition-tawhid.com\/staging-site\/#\/schema\/logo\/image\/\"},\"sameAs\":[\"https:\/\/www.facebook.com\/editiontawhid\/\"]}]}<\/script>\n<!-- \/ Yoast SEO plugin. -->","yoast_head_json":{"title":"\u00c0 propos - \u00c9ditions Tawhid","robots":{"index":"noindex","follow":"follow","max-snippet":"max-snippet:-1","max-image-preview":"max-image-preview:large","max-video-preview":"max-video-preview:-1"},"og_locale":"fr_FR","og_type":"article","og_title":"\u00c0 propos - \u00c9ditions Tawhid","og_description":"[vc_row][vc_column][vc_column_text css=\u00a0\u00bb\u00a0\u00bb] Tawhid : La R\u00e9f\u00e9rence de l\u2019\u00e9dition musulmane francophone &nbsp; Les \u00c9ditions Tawhid ont pour ambition de promouvoir les valeurs de l\u2019islam et sa spiritualit\u00e9, cherchant \u00e0 rendre accessible la qu\u00eate et l\u2019int\u00e9r\u00eat sur l\u2019Islam en langue fran\u00e7aise. L\u2019ensemble de notre production est disponible dans l\u2019ensemble de notre r\u00e9seau de diffusion: les librairies musulmanes sp\u00e9cialis\u00e9es en Europe et les librairies g\u00e9n\u00e9ralistes (Fnac, Flammarion\u2026), mais aussi par le biais de notre boutique en ligne. Sans&hellip;","og_url":"https:\/\/www.edition-tawhid.com\/staging-site\/a-propos\/","og_site_name":"\u00c9ditions Tawhid","article_publisher":"https:\/\/www.facebook.com\/editiontawhid\/","article_modified_time":"2025-09-26T16:24:09+00:00","og_image":[{"width":81,"height":112,"url":"https:\/\/www.edition-tawhid.com\/staging-site\/wp-content\/uploads\/2019\/04\/logo_noir_v2-01.png","type":"image\/png"}],"twitter_card":"summary_large_image","twitter_misc":{"Dur\u00e9e de lecture estim\u00e9e":"2 minutes"},"schema":{"@context":"https:\/\/schema.org","@graph":[{"@type":"WebPage","@id":"https:\/\/www.edition-tawhid.com\/staging-site\/a-propos\/","url":"https:\/\/www.edition-tawhid.com\/staging-site\/a-propos\/","name":"\u00c0 propos - \u00c9ditions Tawhid","isPartOf":{"@id":"https:\/\/www.edition-tawhid.com\/staging-site\/#website"},"datePublished":"2015-01-29T17:50:50+00:00","dateModified":"2025-09-26T16:24:09+00:00","breadcrumb":{"@id":"https:\/\/www.edition-tawhid.com\/staging-site\/a-propos\/#breadcrumb"},"inLanguage":"fr-FR","potentialAction":[{"@type":"ReadAction","target":["https:\/\/www.edition-tawhid.com\/staging-site\/a-propos\/"]}]},{"@type":"BreadcrumbList","@id":"https:\/\/www.edition-tawhid.com\/staging-site\/a-propos\/#breadcrumb","itemListElement":[{"@type":"ListItem","position":1,"name":"Accueil","item":"https:\/\/www.edition-tawhid.com\/staging-site\/"},{"@type":"ListItem","position":2,"name":"\u00c0 propos"}]},{"@type":"WebSite","@id":"https:\/\/www.edition-tawhid.com\/staging-site\/#website","url":"https:\/\/www.edition-tawhid.com\/staging-site\/","name":"\u00c9ditions Tawhid","description":"Le sp\u00e9cialiste du livre islamique francophone","publisher":{"@id":"https:\/\/www.edition-tawhid.com\/staging-site\/#organization"},"potentialAction":[{"@type":"SearchAction","target":{"@type":"EntryPoint","urlTemplate":"https:\/\/www.edition-tawhid.com\/staging-site\/?s={search_term_string}"},"query-input":{"@type":"PropertyValueSpecification","valueRequired":true,"valueName":"search_term_string"}}],"inLanguage":"fr-FR"},{"@type":"Organization","@id":"https:\/\/www.edition-tawhid.com\/staging-site\/#organization","name":"Editions Tawhid","url":"https:\/\/www.edition-tawhid.com\/staging-site\/","logo":{"@type":"ImageObject","inLanguage":"fr-FR","@id":"https:\/\/www.edition-tawhid.com\/staging-site\/#\/schema\/logo\/image\/","url":"https:\/\/www.edition-tawhid.com\/staging-site\/wp-content\/uploads\/2018\/12\/logo_noir_v1-01.png","contentUrl":"https:\/\/www.edition-tawhid.com\/staging-site\/wp-content\/uploads\/2018\/12\/logo_noir_v1-01.png","width":80,"height":112,"caption":"Editions Tawhid"},"image":{"@id":"https:\/\/www.edition-tawhid.com\/staging-site\/#\/schema\/logo\/image\/"},"sameAs":["https:\/\/www.facebook.com\/editiontawhid\/"]}]}},"_links":{"self":[{"href":"https:\/\/www.edition-tawhid.com\/staging-site\/wp-json\/wp\/v2\/pages\/58","targetHints":{"allow":["GET"]}}],"collection":[{"href":"https:\/\/www.edition-tawhid.com\/staging-site\/wp-json\/wp\/v2\/pages"}],"about":[{"href":"https:\/\/www.edition-tawhid.com\/staging-site\/wp-json\/wp\/v2\/types\/page"}],"author":[{"embeddable":true,"href":"https:\/\/www.edition-tawhid.com\/staging-site\/wp-json\/wp\/v2\/users\/2"}],"replies":[{"embeddable":true,"href":"https:\/\/www.edition-tawhid.com\/staging-site\/wp-json\/wp\/v2\/comments?post=58"}],"version-history":[{"count":24,"href":"https:\/\/www.edition-tawhid.com\/staging-site\/wp-json\/wp\/v2\/pages\/58\/revisions"}],"predecessor-version":[{"id":20251,"href":"https:\/\/www.edition-tawhid.com\/staging-site\/wp-json\/wp\/v2\/pages\/58\/revisions\/20251"}],"wp:attachment":[{"href":"https:\/\/www.edition-tawhid.com\/staging-site\/wp-json\/wp\/v2\/media?parent=58"}],"curies":[{"name":"wp","href":"https:\/\/api.w.org\/{rel}","templated":true}]}}