{"id":13283,"date":"2021-11-17T21:33:24","date_gmt":"2021-11-17T20:33:24","guid":{"rendered":"https:\/\/www.edition-tawhid.com\/staging-site\/?post_type=product&#038;p=13283"},"modified":"2025-11-07T13:07:49","modified_gmt":"2025-11-07T12:07:49","slug":"les-gens-de-lelephant","status":"publish","type":"product","link":"https:\/\/www.edition-tawhid.com\/staging-site\/produit\/les-gens-de-lelephant\/","title":{"rendered":"Les gens de l&rsquo;\u00c9l\u00e9phant"},"content":{"rendered":"<p>Pour les musulmans, le Coran est une r\u00e9v\u00e9lation divine dont chaque lettre est sacr\u00e9e. Les ex\u00e9g\u00e8tes ont fourni de consid\u00e9rables efforts pour proposer des interpr\u00e9tations et des explications quant aux sens de ses versets. De leur c\u00f4t\u00e9, les islamologues et arabisants consid\u00e8rent le Coran comme un objet de recherche d\u00e9sacralis\u00e9. Pour eux, son contenu n\u2019est donc pas n\u00e9cessairement authentique, \u00e0 moins que d\u2019autres donn\u00e9es ne viennent le confirmer. Dans le cas du r\u00e9cit des gens de l\u2019\u00c9l\u00e9phant, la majorit\u00e9 des historiens musulmans et non-musulmans s\u2019accordent sur l\u2019authenticit\u00e9 du fait. Cependant, leurs th\u00e9ories et interpr\u00e9tations sont parfois divergentes voire, en apparence, inconciliables.<\/p>\n<p>Que s\u2019est-il pass\u00e9 lors de cet \u00e9v\u00e9nement ? Abraha et son arm\u00e9e ont-ils r\u00e9ellement \u00e9t\u00e9 tu\u00e9s par des oiseaux lanceurs de pierres ? S\u2019agit-il d\u2019un fait surnaturel ou d\u2019un ph\u00e9nom\u00e8ne, certes extraordinaire, mais explicable scientifiquement ? Les nombreuses th\u00e9ories avanc\u00e9es par les ex\u00e9g\u00e8tes musulmans et les arabisants n\u2019aident pas toujours \u00e0 r\u00e9pondre clairement \u00e0 ces interrogations. Finalement, la question reste pos\u00e9e : que s\u2019est-il r\u00e9ellement pass\u00e9 ?<\/p>\n<p>Ce livre, qui privil\u00e9gie une approche pluridisciplinaire, est le fruit de plusieurs ann\u00e9es de r\u00e9flexions et de recherches. L\u2019analyse fine des diff\u00e9rentes th\u00e9ories avanc\u00e9es permet de trancher plusieurs probl\u00e9matiques. \u00c0 travers un voyage historique et \u00e9tymologique au c\u0153ur de cette sourate, l\u2019auteur nous propose des hypoth\u00e8ses novatrices permettant de la comprendre et de la relire sous un nouveau jour. Il propose \u00e9galement d\u2019en tirer des enseignements spirituels et contemporains.<\/p>\n<p><em><strong>Shakeel Siddiq<\/strong> est chercheur en s\u012bra. Dipl\u00f4m\u00e9 en Sciences religieuses musulmanes et en \u00c9tude des faits religieux, il enseigne dans plusieurs instituts. Il a particip\u00e9 \u00e0 plusieurs traductions. Il est actuellement pr\u00e9sident de l\u2019Institut SIRA.<\/em><\/p>\n","protected":false},"excerpt":{"rendered":"<p>\u00c0 travers un voyage historique et \u00e9tymologique au c\u0153ur de cette sourate, l\u2019auteur nous propose des hypoth\u00e8ses novatrices permettant de la comprendre et de la relire sous un nouveau jour. Il propose \u00e9galement d\u2019en tirer des enseignements spirituels et contemporains.<\/p>\n","protected":false},"featured_media":13284,"comment_status":"open","ping_status":"closed","template":"","meta":{"_acf_changed":false},"product_brand":[],"product_cat":[2539,2480,2524],"product_tag":[],"class_list":{"0":"post-13283","1":"product","2":"type-product","3":"status-publish","4":"has-post-thumbnail","6":"product_cat-coran","7":"product_cat-pensee","8":"product_cat-spiritualite","9":"pa_book-author-shakeel-siddiq","11":"first","12":"outofstock","13":"featured","14":"taxable","15":"shipping-taxable","16":"purchasable","17":"product-type-simple"},"acf":[],"yoast_head":"<!-- This site is optimized with the Yoast SEO plugin v27.1.1 - https:\/\/yoast.com\/product\/yoast-seo-wordpress\/ -->\n<title>Les gens de l&#039;\u00c9l\u00e9phant - \u00c9ditions Tawhid<\/title>\n<meta name=\"robots\" content=\"noindex, follow, max-snippet:-1, max-image-preview:large, max-video-preview:-1\" \/>\n<meta property=\"og:locale\" content=\"fr_FR\" \/>\n<meta property=\"og:type\" content=\"article\" \/>\n<meta property=\"og:title\" content=\"Les gens de l&#039;\u00c9l\u00e9phant - \u00c9ditions Tawhid\" \/>\n<meta property=\"og:description\" content=\"\u00c0 travers un voyage historique et \u00e9tymologique au c\u0153ur de cette sourate, l\u2019auteur nous propose des hypoth\u00e8ses novatrices permettant de la comprendre et de la relire sous un nouveau jour. Il propose \u00e9galement d\u2019en tirer des enseignements spirituels et contemporains.\" \/>\n<meta property=\"og:url\" content=\"https:\/\/www.edition-tawhid.com\/staging-site\/produit\/les-gens-de-lelephant\/\" \/>\n<meta property=\"og:site_name\" content=\"\u00c9ditions Tawhid\" \/>\n<meta property=\"article:publisher\" content=\"https:\/\/www.facebook.com\/editiontawhid\/\" \/>\n<meta property=\"article:modified_time\" content=\"2025-11-07T12:07:49+00:00\" \/>\n<meta property=\"og:image\" content=\"https:\/\/www.edition-tawhid.com\/staging-site\/wp-content\/uploads\/2021\/11\/shakeel_elephant_1_v1.jpg\" \/>\n\t<meta property=\"og:image:width\" content=\"791\" \/>\n\t<meta property=\"og:image:height\" content=\"1024\" \/>\n\t<meta property=\"og:image:type\" content=\"image\/jpeg\" \/>\n<meta name=\"twitter:card\" content=\"summary_large_image\" \/>\n<meta name=\"twitter:label1\" content=\"Dur\u00e9e de lecture estim\u00e9e\" \/>\n\t<meta name=\"twitter:data1\" content=\"2 minutes\" \/>\n<script type=\"application\/ld+json\" class=\"yoast-schema-graph\">{\"@context\":\"https:\/\/schema.org\",\"@graph\":[{\"@type\":\"WebPage\",\"@id\":\"https:\/\/www.edition-tawhid.com\/staging-site\/produit\/les-gens-de-lelephant\/\",\"url\":\"https:\/\/www.edition-tawhid.com\/staging-site\/produit\/les-gens-de-lelephant\/\",\"name\":\"Les gens de l'\u00c9l\u00e9phant - \u00c9ditions Tawhid\",\"isPartOf\":{\"@id\":\"https:\/\/www.edition-tawhid.com\/staging-site\/#website\"},\"primaryImageOfPage\":{\"@id\":\"https:\/\/www.edition-tawhid.com\/staging-site\/produit\/les-gens-de-lelephant\/#primaryimage\"},\"image\":{\"@id\":\"https:\/\/www.edition-tawhid.com\/staging-site\/produit\/les-gens-de-lelephant\/#primaryimage\"},\"thumbnailUrl\":\"https:\/\/www.edition-tawhid.com\/staging-site\/wp-content\/uploads\/2021\/11\/shakeel_elephant_1_v1.jpg\",\"datePublished\":\"2021-11-17T20:33:24+00:00\",\"dateModified\":\"2025-11-07T12:07:49+00:00\",\"breadcrumb\":{\"@id\":\"https:\/\/www.edition-tawhid.com\/staging-site\/produit\/les-gens-de-lelephant\/#breadcrumb\"},\"inLanguage\":\"fr-FR\",\"potentialAction\":[{\"@type\":\"ReadAction\",\"target\":[\"https:\/\/www.edition-tawhid.com\/staging-site\/produit\/les-gens-de-lelephant\/\"]}]},{\"@type\":\"ImageObject\",\"inLanguage\":\"fr-FR\",\"@id\":\"https:\/\/www.edition-tawhid.com\/staging-site\/produit\/les-gens-de-lelephant\/#primaryimage\",\"url\":\"https:\/\/www.edition-tawhid.com\/staging-site\/wp-content\/uploads\/2021\/11\/shakeel_elephant_1_v1.jpg\",\"contentUrl\":\"https:\/\/www.edition-tawhid.com\/staging-site\/wp-content\/uploads\/2021\/11\/shakeel_elephant_1_v1.jpg\",\"width\":791,\"height\":1024},{\"@type\":\"BreadcrumbList\",\"@id\":\"https:\/\/www.edition-tawhid.com\/staging-site\/produit\/les-gens-de-lelephant\/#breadcrumb\",\"itemListElement\":[{\"@type\":\"ListItem\",\"position\":1,\"name\":\"Accueil\",\"item\":\"https:\/\/www.edition-tawhid.com\/staging-site\/\"},{\"@type\":\"ListItem\",\"position\":2,\"name\":\"Tous nos livres\",\"item\":\"https:\/\/www.edition-tawhid.com\/staging-site\/tous-nos-livres\/\"},{\"@type\":\"ListItem\",\"position\":3,\"name\":\"Les gens de l&rsquo;\u00c9l\u00e9phant\"}]},{\"@type\":\"WebSite\",\"@id\":\"https:\/\/www.edition-tawhid.com\/staging-site\/#website\",\"url\":\"https:\/\/www.edition-tawhid.com\/staging-site\/\",\"name\":\"\u00c9ditions Tawhid\",\"description\":\"Le sp\u00e9cialiste du livre islamique francophone\",\"publisher\":{\"@id\":\"https:\/\/www.edition-tawhid.com\/staging-site\/#organization\"},\"potentialAction\":[{\"@type\":\"SearchAction\",\"target\":{\"@type\":\"EntryPoint\",\"urlTemplate\":\"https:\/\/www.edition-tawhid.com\/staging-site\/?s={search_term_string}\"},\"query-input\":{\"@type\":\"PropertyValueSpecification\",\"valueRequired\":true,\"valueName\":\"search_term_string\"}}],\"inLanguage\":\"fr-FR\"},{\"@type\":\"Organization\",\"@id\":\"https:\/\/www.edition-tawhid.com\/staging-site\/#organization\",\"name\":\"Editions Tawhid\",\"url\":\"https:\/\/www.edition-tawhid.com\/staging-site\/\",\"logo\":{\"@type\":\"ImageObject\",\"inLanguage\":\"fr-FR\",\"@id\":\"https:\/\/www.edition-tawhid.com\/staging-site\/#\/schema\/logo\/image\/\",\"url\":\"https:\/\/www.edition-tawhid.com\/staging-site\/wp-content\/uploads\/2018\/12\/logo_noir_v1-01.png\",\"contentUrl\":\"https:\/\/www.edition-tawhid.com\/staging-site\/wp-content\/uploads\/2018\/12\/logo_noir_v1-01.png\",\"width\":80,\"height\":112,\"caption\":\"Editions Tawhid\"},\"image\":{\"@id\":\"https:\/\/www.edition-tawhid.com\/staging-site\/#\/schema\/logo\/image\/\"},\"sameAs\":[\"https:\/\/www.facebook.com\/editiontawhid\/\"]}]}<\/script>\n<!-- \/ Yoast SEO plugin. -->","yoast_head_json":{"title":"Les gens de l'\u00c9l\u00e9phant - \u00c9ditions Tawhid","robots":{"index":"noindex","follow":"follow","max-snippet":"max-snippet:-1","max-image-preview":"max-image-preview:large","max-video-preview":"max-video-preview:-1"},"og_locale":"fr_FR","og_type":"article","og_title":"Les gens de l'\u00c9l\u00e9phant - \u00c9ditions Tawhid","og_description":"\u00c0 travers un voyage historique et \u00e9tymologique au c\u0153ur de cette sourate, l\u2019auteur nous propose des hypoth\u00e8ses novatrices permettant de la comprendre et de la relire sous un nouveau jour. Il propose \u00e9galement d\u2019en tirer des enseignements spirituels et contemporains.","og_url":"https:\/\/www.edition-tawhid.com\/staging-site\/produit\/les-gens-de-lelephant\/","og_site_name":"\u00c9ditions Tawhid","article_publisher":"https:\/\/www.facebook.com\/editiontawhid\/","article_modified_time":"2025-11-07T12:07:49+00:00","og_image":[{"width":791,"height":1024,"url":"https:\/\/www.edition-tawhid.com\/staging-site\/wp-content\/uploads\/2021\/11\/shakeel_elephant_1_v1.jpg","type":"image\/jpeg"}],"twitter_card":"summary_large_image","twitter_misc":{"Dur\u00e9e de lecture estim\u00e9e":"2 minutes"},"schema":{"@context":"https:\/\/schema.org","@graph":[{"@type":"WebPage","@id":"https:\/\/www.edition-tawhid.com\/staging-site\/produit\/les-gens-de-lelephant\/","url":"https:\/\/www.edition-tawhid.com\/staging-site\/produit\/les-gens-de-lelephant\/","name":"Les gens de l'\u00c9l\u00e9phant - \u00c9ditions Tawhid","isPartOf":{"@id":"https:\/\/www.edition-tawhid.com\/staging-site\/#website"},"primaryImageOfPage":{"@id":"https:\/\/www.edition-tawhid.com\/staging-site\/produit\/les-gens-de-lelephant\/#primaryimage"},"image":{"@id":"https:\/\/www.edition-tawhid.com\/staging-site\/produit\/les-gens-de-lelephant\/#primaryimage"},"thumbnailUrl":"https:\/\/www.edition-tawhid.com\/staging-site\/wp-content\/uploads\/2021\/11\/shakeel_elephant_1_v1.jpg","datePublished":"2021-11-17T20:33:24+00:00","dateModified":"2025-11-07T12:07:49+00:00","breadcrumb":{"@id":"https:\/\/www.edition-tawhid.com\/staging-site\/produit\/les-gens-de-lelephant\/#breadcrumb"},"inLanguage":"fr-FR","potentialAction":[{"@type":"ReadAction","target":["https:\/\/www.edition-tawhid.com\/staging-site\/produit\/les-gens-de-lelephant\/"]}]},{"@type":"ImageObject","inLanguage":"fr-FR","@id":"https:\/\/www.edition-tawhid.com\/staging-site\/produit\/les-gens-de-lelephant\/#primaryimage","url":"https:\/\/www.edition-tawhid.com\/staging-site\/wp-content\/uploads\/2021\/11\/shakeel_elephant_1_v1.jpg","contentUrl":"https:\/\/www.edition-tawhid.com\/staging-site\/wp-content\/uploads\/2021\/11\/shakeel_elephant_1_v1.jpg","width":791,"height":1024},{"@type":"BreadcrumbList","@id":"https:\/\/www.edition-tawhid.com\/staging-site\/produit\/les-gens-de-lelephant\/#breadcrumb","itemListElement":[{"@type":"ListItem","position":1,"name":"Accueil","item":"https:\/\/www.edition-tawhid.com\/staging-site\/"},{"@type":"ListItem","position":2,"name":"Tous nos livres","item":"https:\/\/www.edition-tawhid.com\/staging-site\/tous-nos-livres\/"},{"@type":"ListItem","position":3,"name":"Les gens de l&rsquo;\u00c9l\u00e9phant"}]},{"@type":"WebSite","@id":"https:\/\/www.edition-tawhid.com\/staging-site\/#website","url":"https:\/\/www.edition-tawhid.com\/staging-site\/","name":"\u00c9ditions Tawhid","description":"Le sp\u00e9cialiste du livre islamique francophone","publisher":{"@id":"https:\/\/www.edition-tawhid.com\/staging-site\/#organization"},"potentialAction":[{"@type":"SearchAction","target":{"@type":"EntryPoint","urlTemplate":"https:\/\/www.edition-tawhid.com\/staging-site\/?s={search_term_string}"},"query-input":{"@type":"PropertyValueSpecification","valueRequired":true,"valueName":"search_term_string"}}],"inLanguage":"fr-FR"},{"@type":"Organization","@id":"https:\/\/www.edition-tawhid.com\/staging-site\/#organization","name":"Editions Tawhid","url":"https:\/\/www.edition-tawhid.com\/staging-site\/","logo":{"@type":"ImageObject","inLanguage":"fr-FR","@id":"https:\/\/www.edition-tawhid.com\/staging-site\/#\/schema\/logo\/image\/","url":"https:\/\/www.edition-tawhid.com\/staging-site\/wp-content\/uploads\/2018\/12\/logo_noir_v1-01.png","contentUrl":"https:\/\/www.edition-tawhid.com\/staging-site\/wp-content\/uploads\/2018\/12\/logo_noir_v1-01.png","width":80,"height":112,"caption":"Editions Tawhid"},"image":{"@id":"https:\/\/www.edition-tawhid.com\/staging-site\/#\/schema\/logo\/image\/"},"sameAs":["https:\/\/www.facebook.com\/editiontawhid\/"]}]}},"_links":{"self":[{"href":"https:\/\/www.edition-tawhid.com\/staging-site\/wp-json\/wp\/v2\/product\/13283","targetHints":{"allow":["GET"]}}],"collection":[{"href":"https:\/\/www.edition-tawhid.com\/staging-site\/wp-json\/wp\/v2\/product"}],"about":[{"href":"https:\/\/www.edition-tawhid.com\/staging-site\/wp-json\/wp\/v2\/types\/product"}],"replies":[{"embeddable":true,"href":"https:\/\/www.edition-tawhid.com\/staging-site\/wp-json\/wp\/v2\/comments?post=13283"}],"wp:featuredmedia":[{"embeddable":true,"href":"https:\/\/www.edition-tawhid.com\/staging-site\/wp-json\/wp\/v2\/media\/13284"}],"wp:attachment":[{"href":"https:\/\/www.edition-tawhid.com\/staging-site\/wp-json\/wp\/v2\/media?parent=13283"}],"wp:term":[{"taxonomy":"product_brand","embeddable":true,"href":"https:\/\/www.edition-tawhid.com\/staging-site\/wp-json\/wp\/v2\/product_brand?post=13283"},{"taxonomy":"product_cat","embeddable":true,"href":"https:\/\/www.edition-tawhid.com\/staging-site\/wp-json\/wp\/v2\/product_cat?post=13283"},{"taxonomy":"product_tag","embeddable":true,"href":"https:\/\/www.edition-tawhid.com\/staging-site\/wp-json\/wp\/v2\/product_tag?post=13283"}],"curies":[{"name":"wp","href":"https:\/\/api.w.org\/{rel}","templated":true}]}}