{"id":722,"date":"2007-03-20T00:52:50","date_gmt":"2007-03-19T23:52:50","guid":{"rendered":"https:\/\/www.edition-tawhid.com\/staging-site\/produit\/education-spirituelle-et-purification-des-ames\/"},"modified":"2024-05-13T12:42:42","modified_gmt":"2024-05-13T10:42:42","slug":"la-voie-de-l-education-spirituelle-et-de-la-purification-de-l-ame","status":"publish","type":"product","link":"https:\/\/www.edition-tawhid.com\/staging-site\/produit\/la-voie-de-l-education-spirituelle-et-de-la-purification-de-l-ame\/","title":{"rendered":"La voie de l&rsquo;\u00e9ducation spirituelle"},"content":{"rendered":"<p>L&rsquo;\u00e9ducation spirituelle et la purification de l&rsquo;\u00e2me font partie de la mission des proph\u00e8tes ; elles sont les objectifs des gens pieux et, aupr\u00e8s de Dieu, elles d\u00e9terminent le succ\u00e8s ou l&rsquo;\u00e9chec : \u00ab Par l&rsquo;\u00e2me et Celui qui l&rsquo;a \u00e9quilibr\u00e9e, et lui a inspir\u00e9 son libertinage et sa pi\u00e9t\u00e9 ! En v\u00e9rit\u00e9, l&rsquo;homme qui purifie son \u00e2me sera sauv\u00e9, et celui qui la corrompt sera r\u00e9prouv\u00e9 ! \u00bb Coran 91\/7-10<\/p>\n<p>Les ouvrages des ma\u00eetres spirituels qui ont abord\u00e9 la question de l&rsquo;\u00e9ducation spirituelle et de la purification de l&rsquo;\u00e2me sont g\u00e9n\u00e9ralement \u00e9crits en arabe, seuls quelques-uns ont \u00e9t\u00e9 traduits en fran\u00e7ais. L&rsquo;objectif de ce recueil est d&rsquo; offrir aux lecteurs francophones, qui souhaitent suivre cette voie, un guide pratique accessible et une m\u00e9thode claire pour leur \u00e9ducation spirituelle.<\/p>\n<p>Pour r\u00e9diger cet ouvrage, l&rsquo;auteur s&rsquo;est bas\u00e9 sur les \u00e9crits des Anciens tels que l&rsquo;imam al-Ghaz\u00e2l\u00ee, Ibn al-Qayyim, son ma\u00eetre le shaykh al-isl\u00e2m Ibn Taymiyya et sur l&rsquo;excellent ouvrage contemporain du Dr Anas Karz\u00fbn, Manhaj al-isl\u00e2mff tazkiyat an-nafs (La voie de la purification de l&rsquo;\u00e2me selon l&rsquo;islam) ainsi que d&rsquo;autres docteurs de la foi vers\u00e9s dans ce domaine. Ces grands imams reconnus pour leur science et leur pi\u00e9t\u00e9 ont suivi ce chemin et en ont perc\u00e9 les secrets: ils sont le meilleur mod\u00e8le que l&rsquo;on puisse suivre en la mati\u00e8re.<\/p>\n","protected":false},"excerpt":{"rendered":"<p>Le cheminement spirituel passe d&rsquo;abord par l&rsquo;accomplissement assidu et fid\u00e8le des pratiques cultuelles. Cet excellent ouvrage traite de la place de l&rsquo;\u00e9ducation spirituelle en islam, des diff\u00e9rentes \u00e9tapes de la purification de l&rsquo;\u00e2me, du cheminement, ses conditions et ses \u00e9tapes et des fruits de la purification de l&rsquo;\u00e2me.<\/p>\n","protected":false},"featured_media":13519,"comment_status":"open","ping_status":"closed","template":"","meta":{"_acf_changed":false},"product_brand":[],"product_cat":[2524],"product_tag":[],"class_list":{"0":"post-722","1":"product","2":"type-product","3":"status-publish","4":"has-post-thumbnail","6":"product_cat-spiritualite","7":"pa_book-author-mohammed-minta","9":"first","10":"instock","11":"taxable","12":"shipping-taxable","13":"purchasable","14":"product-type-simple"},"acf":[],"yoast_head":"<!-- This site is optimized with the Yoast SEO plugin v27.1.1 - https:\/\/yoast.com\/product\/yoast-seo-wordpress\/ -->\n<title>La voie de l&#039;\u00e9ducation spirituelle - \u00c9ditions Tawhid<\/title>\n<meta name=\"robots\" content=\"noindex, follow, max-snippet:-1, max-image-preview:large, max-video-preview:-1\" \/>\n<meta property=\"og:locale\" content=\"fr_FR\" \/>\n<meta property=\"og:type\" content=\"article\" \/>\n<meta property=\"og:title\" content=\"La voie de l&#039;\u00e9ducation spirituelle - \u00c9ditions Tawhid\" \/>\n<meta property=\"og:description\" content=\"Le cheminement spirituel passe d&#039;abord par l&#039;accomplissement assidu et fid\u00e8le des pratiques cultuelles. Cet excellent ouvrage traite de la place de l&#039;\u00e9ducation spirituelle en islam, des diff\u00e9rentes \u00e9tapes de la purification de l&#039;\u00e2me, du cheminement, ses conditions et ses \u00e9tapes et des fruits de la purification de l&#039;\u00e2me.\" \/>\n<meta property=\"og:url\" content=\"https:\/\/www.edition-tawhid.com\/staging-site\/produit\/la-voie-de-l-education-spirituelle-et-de-la-purification-de-l-ame\/\" \/>\n<meta property=\"og:site_name\" content=\"\u00c9ditions Tawhid\" \/>\n<meta property=\"article:publisher\" content=\"https:\/\/www.facebook.com\/editiontawhid\/\" \/>\n<meta property=\"article:modified_time\" content=\"2024-05-13T10:42:42+00:00\" \/>\n<meta property=\"og:image\" content=\"https:\/\/www.edition-tawhid.com\/staging-site\/wp-content\/uploads\/2007\/03\/minta_voie_3_v2.jpg\" \/>\n\t<meta property=\"og:image:width\" content=\"791\" \/>\n\t<meta property=\"og:image:height\" content=\"1024\" \/>\n\t<meta property=\"og:image:type\" content=\"image\/jpeg\" \/>\n<meta name=\"twitter:card\" content=\"summary_large_image\" \/>\n<meta name=\"twitter:label1\" content=\"Dur\u00e9e de lecture estim\u00e9e\" \/>\n\t<meta name=\"twitter:data1\" content=\"1 minute\" \/>\n<script type=\"application\/ld+json\" class=\"yoast-schema-graph\">{\"@context\":\"https:\/\/schema.org\",\"@graph\":[{\"@type\":\"WebPage\",\"@id\":\"https:\/\/www.edition-tawhid.com\/staging-site\/produit\/la-voie-de-l-education-spirituelle-et-de-la-purification-de-l-ame\/\",\"url\":\"https:\/\/www.edition-tawhid.com\/staging-site\/produit\/la-voie-de-l-education-spirituelle-et-de-la-purification-de-l-ame\/\",\"name\":\"La voie de l'\u00e9ducation spirituelle - \u00c9ditions Tawhid\",\"isPartOf\":{\"@id\":\"https:\/\/www.edition-tawhid.com\/staging-site\/#website\"},\"primaryImageOfPage\":{\"@id\":\"https:\/\/www.edition-tawhid.com\/staging-site\/produit\/la-voie-de-l-education-spirituelle-et-de-la-purification-de-l-ame\/#primaryimage\"},\"image\":{\"@id\":\"https:\/\/www.edition-tawhid.com\/staging-site\/produit\/la-voie-de-l-education-spirituelle-et-de-la-purification-de-l-ame\/#primaryimage\"},\"thumbnailUrl\":\"https:\/\/www.edition-tawhid.com\/staging-site\/wp-content\/uploads\/2007\/03\/minta_voie_3_v2.jpg\",\"datePublished\":\"2007-03-19T23:52:50+00:00\",\"dateModified\":\"2024-05-13T10:42:42+00:00\",\"breadcrumb\":{\"@id\":\"https:\/\/www.edition-tawhid.com\/staging-site\/produit\/la-voie-de-l-education-spirituelle-et-de-la-purification-de-l-ame\/#breadcrumb\"},\"inLanguage\":\"fr-FR\",\"potentialAction\":[{\"@type\":\"ReadAction\",\"target\":[\"https:\/\/www.edition-tawhid.com\/staging-site\/produit\/la-voie-de-l-education-spirituelle-et-de-la-purification-de-l-ame\/\"]}]},{\"@type\":\"ImageObject\",\"inLanguage\":\"fr-FR\",\"@id\":\"https:\/\/www.edition-tawhid.com\/staging-site\/produit\/la-voie-de-l-education-spirituelle-et-de-la-purification-de-l-ame\/#primaryimage\",\"url\":\"https:\/\/www.edition-tawhid.com\/staging-site\/wp-content\/uploads\/2007\/03\/minta_voie_3_v2.jpg\",\"contentUrl\":\"https:\/\/www.edition-tawhid.com\/staging-site\/wp-content\/uploads\/2007\/03\/minta_voie_3_v2.jpg\",\"width\":791,\"height\":1024,\"caption\":\"La voie de l\u2019\u00e9ducation spirituelle\"},{\"@type\":\"BreadcrumbList\",\"@id\":\"https:\/\/www.edition-tawhid.com\/staging-site\/produit\/la-voie-de-l-education-spirituelle-et-de-la-purification-de-l-ame\/#breadcrumb\",\"itemListElement\":[{\"@type\":\"ListItem\",\"position\":1,\"name\":\"Accueil\",\"item\":\"https:\/\/www.edition-tawhid.com\/staging-site\/\"},{\"@type\":\"ListItem\",\"position\":2,\"name\":\"Tous nos livres\",\"item\":\"https:\/\/www.edition-tawhid.com\/staging-site\/tous-nos-livres\/\"},{\"@type\":\"ListItem\",\"position\":3,\"name\":\"La voie de l&#8217;\u00e9ducation spirituelle\"}]},{\"@type\":\"WebSite\",\"@id\":\"https:\/\/www.edition-tawhid.com\/staging-site\/#website\",\"url\":\"https:\/\/www.edition-tawhid.com\/staging-site\/\",\"name\":\"\u00c9ditions Tawhid\",\"description\":\"Le sp\u00e9cialiste du livre islamique francophone\",\"publisher\":{\"@id\":\"https:\/\/www.edition-tawhid.com\/staging-site\/#organization\"},\"potentialAction\":[{\"@type\":\"SearchAction\",\"target\":{\"@type\":\"EntryPoint\",\"urlTemplate\":\"https:\/\/www.edition-tawhid.com\/staging-site\/?s={search_term_string}\"},\"query-input\":{\"@type\":\"PropertyValueSpecification\",\"valueRequired\":true,\"valueName\":\"search_term_string\"}}],\"inLanguage\":\"fr-FR\"},{\"@type\":\"Organization\",\"@id\":\"https:\/\/www.edition-tawhid.com\/staging-site\/#organization\",\"name\":\"Editions Tawhid\",\"url\":\"https:\/\/www.edition-tawhid.com\/staging-site\/\",\"logo\":{\"@type\":\"ImageObject\",\"inLanguage\":\"fr-FR\",\"@id\":\"https:\/\/www.edition-tawhid.com\/staging-site\/#\/schema\/logo\/image\/\",\"url\":\"https:\/\/www.edition-tawhid.com\/staging-site\/wp-content\/uploads\/2018\/12\/logo_noir_v1-01.png\",\"contentUrl\":\"https:\/\/www.edition-tawhid.com\/staging-site\/wp-content\/uploads\/2018\/12\/logo_noir_v1-01.png\",\"width\":80,\"height\":112,\"caption\":\"Editions Tawhid\"},\"image\":{\"@id\":\"https:\/\/www.edition-tawhid.com\/staging-site\/#\/schema\/logo\/image\/\"},\"sameAs\":[\"https:\/\/www.facebook.com\/editiontawhid\/\"]}]}<\/script>\n<!-- \/ Yoast SEO plugin. -->","yoast_head_json":{"title":"La voie de l'\u00e9ducation spirituelle - \u00c9ditions Tawhid","robots":{"index":"noindex","follow":"follow","max-snippet":"max-snippet:-1","max-image-preview":"max-image-preview:large","max-video-preview":"max-video-preview:-1"},"og_locale":"fr_FR","og_type":"article","og_title":"La voie de l'\u00e9ducation spirituelle - \u00c9ditions Tawhid","og_description":"Le cheminement spirituel passe d'abord par l'accomplissement assidu et fid\u00e8le des pratiques cultuelles. Cet excellent ouvrage traite de la place de l'\u00e9ducation spirituelle en islam, des diff\u00e9rentes \u00e9tapes de la purification de l'\u00e2me, du cheminement, ses conditions et ses \u00e9tapes et des fruits de la purification de l'\u00e2me.","og_url":"https:\/\/www.edition-tawhid.com\/staging-site\/produit\/la-voie-de-l-education-spirituelle-et-de-la-purification-de-l-ame\/","og_site_name":"\u00c9ditions Tawhid","article_publisher":"https:\/\/www.facebook.com\/editiontawhid\/","article_modified_time":"2024-05-13T10:42:42+00:00","og_image":[{"width":791,"height":1024,"url":"https:\/\/www.edition-tawhid.com\/staging-site\/wp-content\/uploads\/2007\/03\/minta_voie_3_v2.jpg","type":"image\/jpeg"}],"twitter_card":"summary_large_image","twitter_misc":{"Dur\u00e9e de lecture estim\u00e9e":"1 minute"},"schema":{"@context":"https:\/\/schema.org","@graph":[{"@type":"WebPage","@id":"https:\/\/www.edition-tawhid.com\/staging-site\/produit\/la-voie-de-l-education-spirituelle-et-de-la-purification-de-l-ame\/","url":"https:\/\/www.edition-tawhid.com\/staging-site\/produit\/la-voie-de-l-education-spirituelle-et-de-la-purification-de-l-ame\/","name":"La voie de l'\u00e9ducation spirituelle - \u00c9ditions Tawhid","isPartOf":{"@id":"https:\/\/www.edition-tawhid.com\/staging-site\/#website"},"primaryImageOfPage":{"@id":"https:\/\/www.edition-tawhid.com\/staging-site\/produit\/la-voie-de-l-education-spirituelle-et-de-la-purification-de-l-ame\/#primaryimage"},"image":{"@id":"https:\/\/www.edition-tawhid.com\/staging-site\/produit\/la-voie-de-l-education-spirituelle-et-de-la-purification-de-l-ame\/#primaryimage"},"thumbnailUrl":"https:\/\/www.edition-tawhid.com\/staging-site\/wp-content\/uploads\/2007\/03\/minta_voie_3_v2.jpg","datePublished":"2007-03-19T23:52:50+00:00","dateModified":"2024-05-13T10:42:42+00:00","breadcrumb":{"@id":"https:\/\/www.edition-tawhid.com\/staging-site\/produit\/la-voie-de-l-education-spirituelle-et-de-la-purification-de-l-ame\/#breadcrumb"},"inLanguage":"fr-FR","potentialAction":[{"@type":"ReadAction","target":["https:\/\/www.edition-tawhid.com\/staging-site\/produit\/la-voie-de-l-education-spirituelle-et-de-la-purification-de-l-ame\/"]}]},{"@type":"ImageObject","inLanguage":"fr-FR","@id":"https:\/\/www.edition-tawhid.com\/staging-site\/produit\/la-voie-de-l-education-spirituelle-et-de-la-purification-de-l-ame\/#primaryimage","url":"https:\/\/www.edition-tawhid.com\/staging-site\/wp-content\/uploads\/2007\/03\/minta_voie_3_v2.jpg","contentUrl":"https:\/\/www.edition-tawhid.com\/staging-site\/wp-content\/uploads\/2007\/03\/minta_voie_3_v2.jpg","width":791,"height":1024,"caption":"La voie de l\u2019\u00e9ducation spirituelle"},{"@type":"BreadcrumbList","@id":"https:\/\/www.edition-tawhid.com\/staging-site\/produit\/la-voie-de-l-education-spirituelle-et-de-la-purification-de-l-ame\/#breadcrumb","itemListElement":[{"@type":"ListItem","position":1,"name":"Accueil","item":"https:\/\/www.edition-tawhid.com\/staging-site\/"},{"@type":"ListItem","position":2,"name":"Tous nos livres","item":"https:\/\/www.edition-tawhid.com\/staging-site\/tous-nos-livres\/"},{"@type":"ListItem","position":3,"name":"La voie de l&#8217;\u00e9ducation spirituelle"}]},{"@type":"WebSite","@id":"https:\/\/www.edition-tawhid.com\/staging-site\/#website","url":"https:\/\/www.edition-tawhid.com\/staging-site\/","name":"\u00c9ditions Tawhid","description":"Le sp\u00e9cialiste du livre islamique francophone","publisher":{"@id":"https:\/\/www.edition-tawhid.com\/staging-site\/#organization"},"potentialAction":[{"@type":"SearchAction","target":{"@type":"EntryPoint","urlTemplate":"https:\/\/www.edition-tawhid.com\/staging-site\/?s={search_term_string}"},"query-input":{"@type":"PropertyValueSpecification","valueRequired":true,"valueName":"search_term_string"}}],"inLanguage":"fr-FR"},{"@type":"Organization","@id":"https:\/\/www.edition-tawhid.com\/staging-site\/#organization","name":"Editions Tawhid","url":"https:\/\/www.edition-tawhid.com\/staging-site\/","logo":{"@type":"ImageObject","inLanguage":"fr-FR","@id":"https:\/\/www.edition-tawhid.com\/staging-site\/#\/schema\/logo\/image\/","url":"https:\/\/www.edition-tawhid.com\/staging-site\/wp-content\/uploads\/2018\/12\/logo_noir_v1-01.png","contentUrl":"https:\/\/www.edition-tawhid.com\/staging-site\/wp-content\/uploads\/2018\/12\/logo_noir_v1-01.png","width":80,"height":112,"caption":"Editions Tawhid"},"image":{"@id":"https:\/\/www.edition-tawhid.com\/staging-site\/#\/schema\/logo\/image\/"},"sameAs":["https:\/\/www.facebook.com\/editiontawhid\/"]}]}},"_links":{"self":[{"href":"https:\/\/www.edition-tawhid.com\/staging-site\/wp-json\/wp\/v2\/product\/722","targetHints":{"allow":["GET"]}}],"collection":[{"href":"https:\/\/www.edition-tawhid.com\/staging-site\/wp-json\/wp\/v2\/product"}],"about":[{"href":"https:\/\/www.edition-tawhid.com\/staging-site\/wp-json\/wp\/v2\/types\/product"}],"replies":[{"embeddable":true,"href":"https:\/\/www.edition-tawhid.com\/staging-site\/wp-json\/wp\/v2\/comments?post=722"}],"wp:featuredmedia":[{"embeddable":true,"href":"https:\/\/www.edition-tawhid.com\/staging-site\/wp-json\/wp\/v2\/media\/13519"}],"wp:attachment":[{"href":"https:\/\/www.edition-tawhid.com\/staging-site\/wp-json\/wp\/v2\/media?parent=722"}],"wp:term":[{"taxonomy":"product_brand","embeddable":true,"href":"https:\/\/www.edition-tawhid.com\/staging-site\/wp-json\/wp\/v2\/product_brand?post=722"},{"taxonomy":"product_cat","embeddable":true,"href":"https:\/\/www.edition-tawhid.com\/staging-site\/wp-json\/wp\/v2\/product_cat?post=722"},{"taxonomy":"product_tag","embeddable":true,"href":"https:\/\/www.edition-tawhid.com\/staging-site\/wp-json\/wp\/v2\/product_tag?post=722"}],"curies":[{"name":"wp","href":"https:\/\/api.w.org\/{rel}","templated":true}]}}