{"id":736,"date":"2007-11-11T00:59:34","date_gmt":"2007-11-10T23:59:34","guid":{"rendered":"https:\/\/www.edition-tawhid.com\/staging-site\/?post_type=product&#038;p=736"},"modified":"2023-07-19T10:15:14","modified_gmt":"2023-07-19T08:15:14","slug":"le-coran-et-les-femmes","status":"publish","type":"product","link":"https:\/\/www.edition-tawhid.com\/staging-site\/produit\/le-coran-et-les-femmes\/","title":{"rendered":"Le Coran et les femmes"},"content":{"rendered":"<p>La probl\u00e9matique de la femme musulmane, aujourd\u2019hui, est prise en otage entre deux perceptions extr\u00eames : celle d\u2019une approche islamique conservatrice tr\u00e8s rigide et celle d\u2019une approche occidentale, ethnocentrique et islamophobe. Ces deux conceptions conduisent \u00e0 l\u2019impasse ; il est presque impossible de concevoir ne serait-ce que l\u2019\u00e9bauche d\u2019un d\u00e9bat pour clarifier les points de vue, tant les partisans, de part et d\u2019autre, sont aveugl\u00e9s par leurs certitudes respectives.<\/p>\n<p>Cependant, la nouveaut\u00e9 actuelle, c\u2019est qu\u2019au sein de cette effervescence intellectuelle, des femmes musulmanes essayent de reprendre la parole afin de se r\u00e9approprier leur propre destin\u00e9e ! En effet, aujourd\u2019hui, de nombreuses musulmanes intellectuelles, vivant dans les soci\u00e9t\u00e9s musulmanes mais aussi en Occident, gr\u00e2ce \u00e0 leurs recherches acad\u00e9miques, sociales et th\u00e9ologiques et surtout au nom de leur foi, vont remettre en question un grand nombre de pr\u00e9jug\u00e9s sur cette question. Elles vont surtout contester l\u2019analyse classique qui stipule que l\u2019in\u00e9galit\u00e9 entre hommes et femmes et son corollaire de mesures discriminatoires font partie inh\u00e9rente du Texte sacr\u00e9 en d\u00e9montrant que ce sont, en fait, certaines lectures tendancieuses, avalis\u00e9es par des coutumes patriarcales, qui ont l\u00e9gitim\u00e9 ces m\u00eames in\u00e9galit\u00e9s\u2026<\/p>\n<p>C\u2019est donc de ce mouvement de lib\u00e9ration qu\u2019il s\u2019agit, une lib\u00e9ration f\u00e9minine qui devrait \u00eatre libre de faire ses propres choix, de r\u00e9\u00e9crire son histoire et de d\u00e9finir ses propres espaces de libert\u00e9\u2026 Une lib\u00e9ration bien ancr\u00e9e dans son appartenance spirituelle mais qui se veut ouverte \u00e0 toutes les richesses humaines et pr\u00eate \u00e0 partager avec les autres, tous les autres, les vraies valeurs universelles d\u2019\u00e9thique et de justice.<\/p>\n","protected":false},"excerpt":{"rendered":"<p>La probl\u00e9matique de la femme musulmane, aujourd\u2019hui, est prise en otage entre deux perceptions extr\u00eames : celle d\u2019une approche islamique conservatrice tr\u00e8s rigide et celle d\u2019une approche occidentale, ethnocentrique et islamophobe. Ces deux conceptions conduisent \u00e0 l\u2019impasse ; il est presque impossible de concevoir ne serait-ce que l\u2019\u00e9bauche d\u2019un d\u00e9bat pour clarifier les points de vue, tant les partisans, de part et d\u2019autre, sont aveugl\u00e9s par leurs certitudes respectives.<\/p>\n","protected":false},"featured_media":12879,"comment_status":"open","ping_status":"closed","template":"","meta":{"_acf_changed":false},"product_brand":[],"product_cat":[2561],"product_tag":[],"class_list":{"0":"post-736","1":"product","2":"type-product","3":"status-publish","4":"has-post-thumbnail","6":"product_cat-femme","7":"pa_book-author-asma-lamrabet","9":"first","10":"outofstock","11":"taxable","12":"shipping-taxable","13":"purchasable","14":"product-type-simple"},"acf":[],"yoast_head":"<!-- This site is optimized with the Yoast SEO plugin v27.1.1 - https:\/\/yoast.com\/product\/yoast-seo-wordpress\/ -->\n<title>Le Coran et les femmes - \u00c9ditions Tawhid<\/title>\n<meta name=\"robots\" content=\"noindex, follow, max-snippet:-1, max-image-preview:large, max-video-preview:-1\" \/>\n<meta property=\"og:locale\" content=\"fr_FR\" \/>\n<meta property=\"og:type\" content=\"article\" \/>\n<meta property=\"og:title\" content=\"Le Coran et les femmes - \u00c9ditions Tawhid\" \/>\n<meta property=\"og:description\" content=\"La probl\u00e9matique de la femme musulmane, aujourd\u2019hui, est prise en otage entre deux perceptions extr\u00eames : celle d\u2019une approche islamique conservatrice tr\u00e8s rigide et celle d\u2019une approche occidentale, ethnocentrique et islamophobe. Ces deux conceptions conduisent \u00e0 l\u2019impasse ; il est presque impossible de concevoir ne serait-ce que l\u2019\u00e9bauche d\u2019un d\u00e9bat pour clarifier les points de vue, tant les partisans, de part et d\u2019autre, sont aveugl\u00e9s par leurs certitudes respectives.\" \/>\n<meta property=\"og:url\" content=\"https:\/\/www.edition-tawhid.com\/staging-site\/produit\/le-coran-et-les-femmes\/\" \/>\n<meta property=\"og:site_name\" content=\"\u00c9ditions Tawhid\" \/>\n<meta property=\"article:publisher\" content=\"https:\/\/www.facebook.com\/editiontawhid\/\" \/>\n<meta property=\"article:modified_time\" content=\"2023-07-19T08:15:14+00:00\" \/>\n<meta property=\"og:image\" content=\"https:\/\/www.edition-tawhid.com\/staging-site\/wp-content\/uploads\/2007\/11\/lamrabet_coranfemmes_1_NEW.jpg\" \/>\n\t<meta property=\"og:image:width\" content=\"791\" \/>\n\t<meta property=\"og:image:height\" content=\"1024\" \/>\n\t<meta property=\"og:image:type\" content=\"image\/jpeg\" \/>\n<meta name=\"twitter:card\" content=\"summary_large_image\" \/>\n<meta name=\"twitter:label1\" content=\"Dur\u00e9e de lecture estim\u00e9e\" \/>\n\t<meta name=\"twitter:data1\" content=\"1 minute\" \/>\n<script type=\"application\/ld+json\" class=\"yoast-schema-graph\">{\"@context\":\"https:\/\/schema.org\",\"@graph\":[{\"@type\":\"WebPage\",\"@id\":\"https:\/\/www.edition-tawhid.com\/staging-site\/produit\/le-coran-et-les-femmes\/\",\"url\":\"https:\/\/www.edition-tawhid.com\/staging-site\/produit\/le-coran-et-les-femmes\/\",\"name\":\"Le Coran et les femmes - \u00c9ditions Tawhid\",\"isPartOf\":{\"@id\":\"https:\/\/www.edition-tawhid.com\/staging-site\/#website\"},\"primaryImageOfPage\":{\"@id\":\"https:\/\/www.edition-tawhid.com\/staging-site\/produit\/le-coran-et-les-femmes\/#primaryimage\"},\"image\":{\"@id\":\"https:\/\/www.edition-tawhid.com\/staging-site\/produit\/le-coran-et-les-femmes\/#primaryimage\"},\"thumbnailUrl\":\"https:\/\/www.edition-tawhid.com\/staging-site\/wp-content\/uploads\/2007\/11\/lamrabet_coranfemmes_1_NEW.jpg\",\"datePublished\":\"2007-11-10T23:59:34+00:00\",\"dateModified\":\"2023-07-19T08:15:14+00:00\",\"breadcrumb\":{\"@id\":\"https:\/\/www.edition-tawhid.com\/staging-site\/produit\/le-coran-et-les-femmes\/#breadcrumb\"},\"inLanguage\":\"fr-FR\",\"potentialAction\":[{\"@type\":\"ReadAction\",\"target\":[\"https:\/\/www.edition-tawhid.com\/staging-site\/produit\/le-coran-et-les-femmes\/\"]}]},{\"@type\":\"ImageObject\",\"inLanguage\":\"fr-FR\",\"@id\":\"https:\/\/www.edition-tawhid.com\/staging-site\/produit\/le-coran-et-les-femmes\/#primaryimage\",\"url\":\"https:\/\/www.edition-tawhid.com\/staging-site\/wp-content\/uploads\/2007\/11\/lamrabet_coranfemmes_1_NEW.jpg\",\"contentUrl\":\"https:\/\/www.edition-tawhid.com\/staging-site\/wp-content\/uploads\/2007\/11\/lamrabet_coranfemmes_1_NEW.jpg\",\"width\":791,\"height\":1024},{\"@type\":\"BreadcrumbList\",\"@id\":\"https:\/\/www.edition-tawhid.com\/staging-site\/produit\/le-coran-et-les-femmes\/#breadcrumb\",\"itemListElement\":[{\"@type\":\"ListItem\",\"position\":1,\"name\":\"Accueil\",\"item\":\"https:\/\/www.edition-tawhid.com\/staging-site\/\"},{\"@type\":\"ListItem\",\"position\":2,\"name\":\"Tous nos livres\",\"item\":\"https:\/\/www.edition-tawhid.com\/staging-site\/tous-nos-livres\/\"},{\"@type\":\"ListItem\",\"position\":3,\"name\":\"Le Coran et les femmes\"}]},{\"@type\":\"WebSite\",\"@id\":\"https:\/\/www.edition-tawhid.com\/staging-site\/#website\",\"url\":\"https:\/\/www.edition-tawhid.com\/staging-site\/\",\"name\":\"\u00c9ditions Tawhid\",\"description\":\"Le sp\u00e9cialiste du livre islamique francophone\",\"publisher\":{\"@id\":\"https:\/\/www.edition-tawhid.com\/staging-site\/#organization\"},\"potentialAction\":[{\"@type\":\"SearchAction\",\"target\":{\"@type\":\"EntryPoint\",\"urlTemplate\":\"https:\/\/www.edition-tawhid.com\/staging-site\/?s={search_term_string}\"},\"query-input\":{\"@type\":\"PropertyValueSpecification\",\"valueRequired\":true,\"valueName\":\"search_term_string\"}}],\"inLanguage\":\"fr-FR\"},{\"@type\":\"Organization\",\"@id\":\"https:\/\/www.edition-tawhid.com\/staging-site\/#organization\",\"name\":\"Editions Tawhid\",\"url\":\"https:\/\/www.edition-tawhid.com\/staging-site\/\",\"logo\":{\"@type\":\"ImageObject\",\"inLanguage\":\"fr-FR\",\"@id\":\"https:\/\/www.edition-tawhid.com\/staging-site\/#\/schema\/logo\/image\/\",\"url\":\"https:\/\/www.edition-tawhid.com\/staging-site\/wp-content\/uploads\/2018\/12\/logo_noir_v1-01.png\",\"contentUrl\":\"https:\/\/www.edition-tawhid.com\/staging-site\/wp-content\/uploads\/2018\/12\/logo_noir_v1-01.png\",\"width\":80,\"height\":112,\"caption\":\"Editions Tawhid\"},\"image\":{\"@id\":\"https:\/\/www.edition-tawhid.com\/staging-site\/#\/schema\/logo\/image\/\"},\"sameAs\":[\"https:\/\/www.facebook.com\/editiontawhid\/\"]}]}<\/script>\n<!-- \/ Yoast SEO plugin. -->","yoast_head_json":{"title":"Le Coran et les femmes - \u00c9ditions Tawhid","robots":{"index":"noindex","follow":"follow","max-snippet":"max-snippet:-1","max-image-preview":"max-image-preview:large","max-video-preview":"max-video-preview:-1"},"og_locale":"fr_FR","og_type":"article","og_title":"Le Coran et les femmes - \u00c9ditions Tawhid","og_description":"La probl\u00e9matique de la femme musulmane, aujourd\u2019hui, est prise en otage entre deux perceptions extr\u00eames : celle d\u2019une approche islamique conservatrice tr\u00e8s rigide et celle d\u2019une approche occidentale, ethnocentrique et islamophobe. Ces deux conceptions conduisent \u00e0 l\u2019impasse ; il est presque impossible de concevoir ne serait-ce que l\u2019\u00e9bauche d\u2019un d\u00e9bat pour clarifier les points de vue, tant les partisans, de part et d\u2019autre, sont aveugl\u00e9s par leurs certitudes respectives.","og_url":"https:\/\/www.edition-tawhid.com\/staging-site\/produit\/le-coran-et-les-femmes\/","og_site_name":"\u00c9ditions Tawhid","article_publisher":"https:\/\/www.facebook.com\/editiontawhid\/","article_modified_time":"2023-07-19T08:15:14+00:00","og_image":[{"width":791,"height":1024,"url":"https:\/\/www.edition-tawhid.com\/staging-site\/wp-content\/uploads\/2007\/11\/lamrabet_coranfemmes_1_NEW.jpg","type":"image\/jpeg"}],"twitter_card":"summary_large_image","twitter_misc":{"Dur\u00e9e de lecture estim\u00e9e":"1 minute"},"schema":{"@context":"https:\/\/schema.org","@graph":[{"@type":"WebPage","@id":"https:\/\/www.edition-tawhid.com\/staging-site\/produit\/le-coran-et-les-femmes\/","url":"https:\/\/www.edition-tawhid.com\/staging-site\/produit\/le-coran-et-les-femmes\/","name":"Le Coran et les femmes - \u00c9ditions Tawhid","isPartOf":{"@id":"https:\/\/www.edition-tawhid.com\/staging-site\/#website"},"primaryImageOfPage":{"@id":"https:\/\/www.edition-tawhid.com\/staging-site\/produit\/le-coran-et-les-femmes\/#primaryimage"},"image":{"@id":"https:\/\/www.edition-tawhid.com\/staging-site\/produit\/le-coran-et-les-femmes\/#primaryimage"},"thumbnailUrl":"https:\/\/www.edition-tawhid.com\/staging-site\/wp-content\/uploads\/2007\/11\/lamrabet_coranfemmes_1_NEW.jpg","datePublished":"2007-11-10T23:59:34+00:00","dateModified":"2023-07-19T08:15:14+00:00","breadcrumb":{"@id":"https:\/\/www.edition-tawhid.com\/staging-site\/produit\/le-coran-et-les-femmes\/#breadcrumb"},"inLanguage":"fr-FR","potentialAction":[{"@type":"ReadAction","target":["https:\/\/www.edition-tawhid.com\/staging-site\/produit\/le-coran-et-les-femmes\/"]}]},{"@type":"ImageObject","inLanguage":"fr-FR","@id":"https:\/\/www.edition-tawhid.com\/staging-site\/produit\/le-coran-et-les-femmes\/#primaryimage","url":"https:\/\/www.edition-tawhid.com\/staging-site\/wp-content\/uploads\/2007\/11\/lamrabet_coranfemmes_1_NEW.jpg","contentUrl":"https:\/\/www.edition-tawhid.com\/staging-site\/wp-content\/uploads\/2007\/11\/lamrabet_coranfemmes_1_NEW.jpg","width":791,"height":1024},{"@type":"BreadcrumbList","@id":"https:\/\/www.edition-tawhid.com\/staging-site\/produit\/le-coran-et-les-femmes\/#breadcrumb","itemListElement":[{"@type":"ListItem","position":1,"name":"Accueil","item":"https:\/\/www.edition-tawhid.com\/staging-site\/"},{"@type":"ListItem","position":2,"name":"Tous nos livres","item":"https:\/\/www.edition-tawhid.com\/staging-site\/tous-nos-livres\/"},{"@type":"ListItem","position":3,"name":"Le Coran et les femmes"}]},{"@type":"WebSite","@id":"https:\/\/www.edition-tawhid.com\/staging-site\/#website","url":"https:\/\/www.edition-tawhid.com\/staging-site\/","name":"\u00c9ditions Tawhid","description":"Le sp\u00e9cialiste du livre islamique francophone","publisher":{"@id":"https:\/\/www.edition-tawhid.com\/staging-site\/#organization"},"potentialAction":[{"@type":"SearchAction","target":{"@type":"EntryPoint","urlTemplate":"https:\/\/www.edition-tawhid.com\/staging-site\/?s={search_term_string}"},"query-input":{"@type":"PropertyValueSpecification","valueRequired":true,"valueName":"search_term_string"}}],"inLanguage":"fr-FR"},{"@type":"Organization","@id":"https:\/\/www.edition-tawhid.com\/staging-site\/#organization","name":"Editions Tawhid","url":"https:\/\/www.edition-tawhid.com\/staging-site\/","logo":{"@type":"ImageObject","inLanguage":"fr-FR","@id":"https:\/\/www.edition-tawhid.com\/staging-site\/#\/schema\/logo\/image\/","url":"https:\/\/www.edition-tawhid.com\/staging-site\/wp-content\/uploads\/2018\/12\/logo_noir_v1-01.png","contentUrl":"https:\/\/www.edition-tawhid.com\/staging-site\/wp-content\/uploads\/2018\/12\/logo_noir_v1-01.png","width":80,"height":112,"caption":"Editions Tawhid"},"image":{"@id":"https:\/\/www.edition-tawhid.com\/staging-site\/#\/schema\/logo\/image\/"},"sameAs":["https:\/\/www.facebook.com\/editiontawhid\/"]}]}},"_links":{"self":[{"href":"https:\/\/www.edition-tawhid.com\/staging-site\/wp-json\/wp\/v2\/product\/736","targetHints":{"allow":["GET"]}}],"collection":[{"href":"https:\/\/www.edition-tawhid.com\/staging-site\/wp-json\/wp\/v2\/product"}],"about":[{"href":"https:\/\/www.edition-tawhid.com\/staging-site\/wp-json\/wp\/v2\/types\/product"}],"replies":[{"embeddable":true,"href":"https:\/\/www.edition-tawhid.com\/staging-site\/wp-json\/wp\/v2\/comments?post=736"}],"wp:featuredmedia":[{"embeddable":true,"href":"https:\/\/www.edition-tawhid.com\/staging-site\/wp-json\/wp\/v2\/media\/12879"}],"wp:attachment":[{"href":"https:\/\/www.edition-tawhid.com\/staging-site\/wp-json\/wp\/v2\/media?parent=736"}],"wp:term":[{"taxonomy":"product_brand","embeddable":true,"href":"https:\/\/www.edition-tawhid.com\/staging-site\/wp-json\/wp\/v2\/product_brand?post=736"},{"taxonomy":"product_cat","embeddable":true,"href":"https:\/\/www.edition-tawhid.com\/staging-site\/wp-json\/wp\/v2\/product_cat?post=736"},{"taxonomy":"product_tag","embeddable":true,"href":"https:\/\/www.edition-tawhid.com\/staging-site\/wp-json\/wp\/v2\/product_tag?post=736"}],"curies":[{"name":"wp","href":"https:\/\/api.w.org\/{rel}","templated":true}]}}