{"id":9177,"date":"2020-08-25T15:42:35","date_gmt":"2020-08-25T13:42:35","guid":{"rendered":"https:\/\/www.edition-tawhid.com\/staging-site\/?post_type=product&#038;p=9177"},"modified":"2022-11-30T23:48:02","modified_gmt":"2022-11-30T22:48:02","slug":"sortir-de-la-societe-de-consommation","status":"publish","type":"product","link":"https:\/\/www.edition-tawhid.com\/staging-site\/produit\/sortir-de-la-societe-de-consommation\/","title":{"rendered":"Sortir de la soci\u00e9t\u00e9 de consommation"},"content":{"rendered":"<p>La voie de la d\u00e9croissance repose sur un postulat partag\u00e9 par la plupart des cultures non occidentales : pour myst\u00e9rieuse qu\u2019elle soit, la vie est un don merveilleux. Il est vrai que l\u2019homme a la facult\u00e9 de la transformer en un cadeau empoisonn\u00e9 et depuis l\u2019av\u00e8nement du capitalisme, il ne s\u2019en est pas priv\u00e9. Toutefois, arriv\u00e9 au fond de l\u2019impasse, il n\u2019est pas trop tard pour faire demi-tour et chercher un chemin de sortie praticable guid\u00e9 par d\u2019autres voix que celles de la pens\u00e9e unique et des discours progressistes de l\u2019\u00e9conomie et de la technique. Dans ces conditions, la d\u00e9croissance est un d\u00e9fi et un pari. Un d\u00e9fi aux croyances les mieux install\u00e9es, parce que ce slogan constitue une insupportable provocation et un blasph\u00e8me pour les adorateurs du progr\u00e8s et du d\u00e9veloppement. Un pari, parce que, pour n\u00e9cessaire qu\u2019elle soit, rien n\u2019est moins s\u00fbr que r\u00e9alisation du projet d\u2019une soci\u00e9t\u00e9 autonome de sobri\u00e9t\u00e9. Toutefois, le d\u00e9fi m\u00e9rite d\u2019\u00eatre relev\u00e9 et le pari d\u2019\u00eatre tent\u00e9. La voie de la d\u00e9croissance est celle de la r\u00e9sistance, mais aussi celle de la dissidence, face au rouleau compresseur de l\u2019occidentalisation du monde et du totalitarisme rampant de la soci\u00e9t\u00e9 de consommation mondialis\u00e9e.<\/p>\n<p>Ce livre explore la construction d\u2019une civilisation de sobri\u00e9t\u00e9 choisie et d\u2019auto-limitation alternative \u00e0 l\u2019impasse de la soci\u00e9t\u00e9 de croissance. Par petites touches, comme dans un tableau impressionniste, il s\u2019en d\u00e9gage un dessein d\u2019ensemble, une tonalit\u00e9 commune, un \u00e9thos.<\/p>\n<p>Apr\u00e8s une introduction \u00ab Le r\u00e9veil des Am\u00e9rindiens \u00bb qui \u00e9voque une autre voix, celle des indig\u00e8nes de l\u2019Am\u00e9rique centrale et m\u00e9ridionale, et une autre voie, celle du \u2018Sumak Kausai\u2019 (bien vivre en quechua), proche d\u2019une d\u00e9croissance en acte, la premi\u00e8re partie, \u00ab Sortir de l\u2019impasse \u00bb cherche \u00e0 frayer un future possible au del\u00e0 de la catastrophe productiviste et de la fin du d\u00e9veloppement. La deuxi\u00e8me partie, \u00ab La voie de la f\u00e9licit\u00e9 : sortir de l\u2019\u00e9conomie \u00bb, interroge l\u2019\u00e9conomie de la f\u00e9licit\u00e9 et l\u2019esprit du don propos\u00e9s par certains \u00e9conomistes pour rem\u00e9dier \u00e0 la mis\u00e8re du pr\u00e9sent et conclut \u00e0 la n\u00e9cessit\u00e9 d\u2019une sortie plus radicale de l\u2019\u00e9conomie dans une d\u00e9croissance pr\u00e9par\u00e9e par une \u00e9ducation nouvelle en r\u00e9actualisant le message d\u2019Ivan Illich. La troisi\u00e8me partie \u00ab Autres voix et autres voies \u00bb explore les intuitions f\u00e9condes du philosophe Cornelius Castoriadis, incontournable pr\u00e9curseur de la d\u00e9croissance, et interroge la possibilit\u00e9 d\u2019une voix m\u00e9diterran\u00e9enne suivant cet esprit. La quatri\u00e8me et derni\u00e8re partie \u00ab Une issue \u00bb, propose tout simplement de profiter de la crise pour en sortir positivement en construisant la soci\u00e9t\u00e9 d\u2019opulence frugale de la d\u00e9croissance. Finalement, tous ces essais convergent pour esquisser en conclusion le tao de la d\u00e9croissance, une voie constituant tout \u00e0 la fois et de mani\u00e8re indissociable, une \u00e9thique et un projet politique, qui ouvre une pluralit\u00e9 de cheminements possibles pour sortir de l\u2019impasse \u00e9conomique.<\/p>\n<h6>Livraison sous 8 \u00e0 10 jours.<\/h6>\n","protected":false},"excerpt":{"rendered":"<p>Ce livre explore la construction d\u2019une civilisation de sobri\u00e9t\u00e9 choisie et d\u2019auto-limitation alternative \u00e0 l\u2019impasse de la soci\u00e9t\u00e9 de croissance. Par petites touches, comme dans un tableau impressionniste, il s\u2019en d\u00e9gage un dessein d\u2019ensemble, une tonalit\u00e9 commune, un \u00e9thos.<\/p>\n<h6>Livraison sous 8 \u00e0 10 jours.<\/h6>\n","protected":false},"featured_media":12921,"comment_status":"open","ping_status":"closed","template":"","meta":{"_acf_changed":false},"product_brand":[],"product_cat":[2890],"product_tag":[],"class_list":{"0":"post-9177","1":"product","2":"type-product","3":"status-publish","4":"has-post-thumbnail","6":"product_cat-actualites-et-alternatives","7":"pa_book-author-serge-latouche","9":"first","10":"instock","11":"taxable","12":"shipping-taxable","13":"purchasable","14":"product-type-simple"},"acf":[],"yoast_head":"<!-- This site is optimized with the Yoast SEO plugin v27.1.1 - https:\/\/yoast.com\/product\/yoast-seo-wordpress\/ -->\n<title>Sortir de la soci\u00e9t\u00e9 de consommation - \u00c9ditions Tawhid<\/title>\n<meta name=\"robots\" content=\"noindex, follow, max-snippet:-1, max-image-preview:large, max-video-preview:-1\" \/>\n<meta property=\"og:locale\" content=\"fr_FR\" \/>\n<meta property=\"og:type\" content=\"article\" \/>\n<meta property=\"og:title\" content=\"Sortir de la soci\u00e9t\u00e9 de consommation - \u00c9ditions Tawhid\" \/>\n<meta property=\"og:description\" content=\"Ce livre explore la construction d\u2019une civilisation de sobri\u00e9t\u00e9 choisie et d\u2019auto-limitation alternative \u00e0 l\u2019impasse de la soci\u00e9t\u00e9 de croissance. Par petites touches, comme dans un tableau impressionniste, il s\u2019en d\u00e9gage un dessein d\u2019ensemble, une tonalit\u00e9 commune, un \u00e9thos. Livraison sous 8 \u00e0 10 jours.\" \/>\n<meta property=\"og:url\" content=\"https:\/\/www.edition-tawhid.com\/staging-site\/produit\/sortir-de-la-societe-de-consommation\/\" \/>\n<meta property=\"og:site_name\" content=\"\u00c9ditions Tawhid\" \/>\n<meta property=\"article:publisher\" content=\"https:\/\/www.facebook.com\/editiontawhid\/\" \/>\n<meta property=\"article:modified_time\" content=\"2022-11-30T22:48:02+00:00\" \/>\n<meta property=\"og:image\" content=\"https:\/\/www.edition-tawhid.com\/staging-site\/wp-content\/uploads\/2020\/08\/latouche_sortir_1_NEW.jpg\" \/>\n\t<meta property=\"og:image:width\" content=\"791\" \/>\n\t<meta property=\"og:image:height\" content=\"1024\" \/>\n\t<meta property=\"og:image:type\" content=\"image\/jpeg\" \/>\n<meta name=\"twitter:card\" content=\"summary_large_image\" \/>\n<meta name=\"twitter:label1\" content=\"Dur\u00e9e de lecture estim\u00e9e\" \/>\n\t<meta name=\"twitter:data1\" content=\"3 minutes\" \/>\n<script type=\"application\/ld+json\" class=\"yoast-schema-graph\">{\"@context\":\"https:\/\/schema.org\",\"@graph\":[{\"@type\":\"WebPage\",\"@id\":\"https:\/\/www.edition-tawhid.com\/staging-site\/produit\/sortir-de-la-societe-de-consommation\/\",\"url\":\"https:\/\/www.edition-tawhid.com\/staging-site\/produit\/sortir-de-la-societe-de-consommation\/\",\"name\":\"Sortir de la soci\u00e9t\u00e9 de consommation - \u00c9ditions Tawhid\",\"isPartOf\":{\"@id\":\"https:\/\/www.edition-tawhid.com\/staging-site\/#website\"},\"primaryImageOfPage\":{\"@id\":\"https:\/\/www.edition-tawhid.com\/staging-site\/produit\/sortir-de-la-societe-de-consommation\/#primaryimage\"},\"image\":{\"@id\":\"https:\/\/www.edition-tawhid.com\/staging-site\/produit\/sortir-de-la-societe-de-consommation\/#primaryimage\"},\"thumbnailUrl\":\"https:\/\/www.edition-tawhid.com\/staging-site\/wp-content\/uploads\/2020\/08\/latouche_sortir_1_NEW.jpg\",\"datePublished\":\"2020-08-25T13:42:35+00:00\",\"dateModified\":\"2022-11-30T22:48:02+00:00\",\"breadcrumb\":{\"@id\":\"https:\/\/www.edition-tawhid.com\/staging-site\/produit\/sortir-de-la-societe-de-consommation\/#breadcrumb\"},\"inLanguage\":\"fr-FR\",\"potentialAction\":[{\"@type\":\"ReadAction\",\"target\":[\"https:\/\/www.edition-tawhid.com\/staging-site\/produit\/sortir-de-la-societe-de-consommation\/\"]}]},{\"@type\":\"ImageObject\",\"inLanguage\":\"fr-FR\",\"@id\":\"https:\/\/www.edition-tawhid.com\/staging-site\/produit\/sortir-de-la-societe-de-consommation\/#primaryimage\",\"url\":\"https:\/\/www.edition-tawhid.com\/staging-site\/wp-content\/uploads\/2020\/08\/latouche_sortir_1_NEW.jpg\",\"contentUrl\":\"https:\/\/www.edition-tawhid.com\/staging-site\/wp-content\/uploads\/2020\/08\/latouche_sortir_1_NEW.jpg\",\"width\":791,\"height\":1024},{\"@type\":\"BreadcrumbList\",\"@id\":\"https:\/\/www.edition-tawhid.com\/staging-site\/produit\/sortir-de-la-societe-de-consommation\/#breadcrumb\",\"itemListElement\":[{\"@type\":\"ListItem\",\"position\":1,\"name\":\"Accueil\",\"item\":\"https:\/\/www.edition-tawhid.com\/staging-site\/\"},{\"@type\":\"ListItem\",\"position\":2,\"name\":\"Tous nos livres\",\"item\":\"https:\/\/www.edition-tawhid.com\/staging-site\/tous-nos-livres\/\"},{\"@type\":\"ListItem\",\"position\":3,\"name\":\"Sortir de la soci\u00e9t\u00e9 de consommation\"}]},{\"@type\":\"WebSite\",\"@id\":\"https:\/\/www.edition-tawhid.com\/staging-site\/#website\",\"url\":\"https:\/\/www.edition-tawhid.com\/staging-site\/\",\"name\":\"\u00c9ditions Tawhid\",\"description\":\"Le sp\u00e9cialiste du livre islamique francophone\",\"publisher\":{\"@id\":\"https:\/\/www.edition-tawhid.com\/staging-site\/#organization\"},\"potentialAction\":[{\"@type\":\"SearchAction\",\"target\":{\"@type\":\"EntryPoint\",\"urlTemplate\":\"https:\/\/www.edition-tawhid.com\/staging-site\/?s={search_term_string}\"},\"query-input\":{\"@type\":\"PropertyValueSpecification\",\"valueRequired\":true,\"valueName\":\"search_term_string\"}}],\"inLanguage\":\"fr-FR\"},{\"@type\":\"Organization\",\"@id\":\"https:\/\/www.edition-tawhid.com\/staging-site\/#organization\",\"name\":\"Editions Tawhid\",\"url\":\"https:\/\/www.edition-tawhid.com\/staging-site\/\",\"logo\":{\"@type\":\"ImageObject\",\"inLanguage\":\"fr-FR\",\"@id\":\"https:\/\/www.edition-tawhid.com\/staging-site\/#\/schema\/logo\/image\/\",\"url\":\"https:\/\/www.edition-tawhid.com\/staging-site\/wp-content\/uploads\/2018\/12\/logo_noir_v1-01.png\",\"contentUrl\":\"https:\/\/www.edition-tawhid.com\/staging-site\/wp-content\/uploads\/2018\/12\/logo_noir_v1-01.png\",\"width\":80,\"height\":112,\"caption\":\"Editions Tawhid\"},\"image\":{\"@id\":\"https:\/\/www.edition-tawhid.com\/staging-site\/#\/schema\/logo\/image\/\"},\"sameAs\":[\"https:\/\/www.facebook.com\/editiontawhid\/\"]}]}<\/script>\n<!-- \/ Yoast SEO plugin. -->","yoast_head_json":{"title":"Sortir de la soci\u00e9t\u00e9 de consommation - \u00c9ditions Tawhid","robots":{"index":"noindex","follow":"follow","max-snippet":"max-snippet:-1","max-image-preview":"max-image-preview:large","max-video-preview":"max-video-preview:-1"},"og_locale":"fr_FR","og_type":"article","og_title":"Sortir de la soci\u00e9t\u00e9 de consommation - \u00c9ditions Tawhid","og_description":"Ce livre explore la construction d\u2019une civilisation de sobri\u00e9t\u00e9 choisie et d\u2019auto-limitation alternative \u00e0 l\u2019impasse de la soci\u00e9t\u00e9 de croissance. Par petites touches, comme dans un tableau impressionniste, il s\u2019en d\u00e9gage un dessein d\u2019ensemble, une tonalit\u00e9 commune, un \u00e9thos. Livraison sous 8 \u00e0 10 jours.","og_url":"https:\/\/www.edition-tawhid.com\/staging-site\/produit\/sortir-de-la-societe-de-consommation\/","og_site_name":"\u00c9ditions Tawhid","article_publisher":"https:\/\/www.facebook.com\/editiontawhid\/","article_modified_time":"2022-11-30T22:48:02+00:00","og_image":[{"width":791,"height":1024,"url":"https:\/\/www.edition-tawhid.com\/staging-site\/wp-content\/uploads\/2020\/08\/latouche_sortir_1_NEW.jpg","type":"image\/jpeg"}],"twitter_card":"summary_large_image","twitter_misc":{"Dur\u00e9e de lecture estim\u00e9e":"3 minutes"},"schema":{"@context":"https:\/\/schema.org","@graph":[{"@type":"WebPage","@id":"https:\/\/www.edition-tawhid.com\/staging-site\/produit\/sortir-de-la-societe-de-consommation\/","url":"https:\/\/www.edition-tawhid.com\/staging-site\/produit\/sortir-de-la-societe-de-consommation\/","name":"Sortir de la soci\u00e9t\u00e9 de consommation - \u00c9ditions Tawhid","isPartOf":{"@id":"https:\/\/www.edition-tawhid.com\/staging-site\/#website"},"primaryImageOfPage":{"@id":"https:\/\/www.edition-tawhid.com\/staging-site\/produit\/sortir-de-la-societe-de-consommation\/#primaryimage"},"image":{"@id":"https:\/\/www.edition-tawhid.com\/staging-site\/produit\/sortir-de-la-societe-de-consommation\/#primaryimage"},"thumbnailUrl":"https:\/\/www.edition-tawhid.com\/staging-site\/wp-content\/uploads\/2020\/08\/latouche_sortir_1_NEW.jpg","datePublished":"2020-08-25T13:42:35+00:00","dateModified":"2022-11-30T22:48:02+00:00","breadcrumb":{"@id":"https:\/\/www.edition-tawhid.com\/staging-site\/produit\/sortir-de-la-societe-de-consommation\/#breadcrumb"},"inLanguage":"fr-FR","potentialAction":[{"@type":"ReadAction","target":["https:\/\/www.edition-tawhid.com\/staging-site\/produit\/sortir-de-la-societe-de-consommation\/"]}]},{"@type":"ImageObject","inLanguage":"fr-FR","@id":"https:\/\/www.edition-tawhid.com\/staging-site\/produit\/sortir-de-la-societe-de-consommation\/#primaryimage","url":"https:\/\/www.edition-tawhid.com\/staging-site\/wp-content\/uploads\/2020\/08\/latouche_sortir_1_NEW.jpg","contentUrl":"https:\/\/www.edition-tawhid.com\/staging-site\/wp-content\/uploads\/2020\/08\/latouche_sortir_1_NEW.jpg","width":791,"height":1024},{"@type":"BreadcrumbList","@id":"https:\/\/www.edition-tawhid.com\/staging-site\/produit\/sortir-de-la-societe-de-consommation\/#breadcrumb","itemListElement":[{"@type":"ListItem","position":1,"name":"Accueil","item":"https:\/\/www.edition-tawhid.com\/staging-site\/"},{"@type":"ListItem","position":2,"name":"Tous nos livres","item":"https:\/\/www.edition-tawhid.com\/staging-site\/tous-nos-livres\/"},{"@type":"ListItem","position":3,"name":"Sortir de la soci\u00e9t\u00e9 de consommation"}]},{"@type":"WebSite","@id":"https:\/\/www.edition-tawhid.com\/staging-site\/#website","url":"https:\/\/www.edition-tawhid.com\/staging-site\/","name":"\u00c9ditions Tawhid","description":"Le sp\u00e9cialiste du livre islamique francophone","publisher":{"@id":"https:\/\/www.edition-tawhid.com\/staging-site\/#organization"},"potentialAction":[{"@type":"SearchAction","target":{"@type":"EntryPoint","urlTemplate":"https:\/\/www.edition-tawhid.com\/staging-site\/?s={search_term_string}"},"query-input":{"@type":"PropertyValueSpecification","valueRequired":true,"valueName":"search_term_string"}}],"inLanguage":"fr-FR"},{"@type":"Organization","@id":"https:\/\/www.edition-tawhid.com\/staging-site\/#organization","name":"Editions Tawhid","url":"https:\/\/www.edition-tawhid.com\/staging-site\/","logo":{"@type":"ImageObject","inLanguage":"fr-FR","@id":"https:\/\/www.edition-tawhid.com\/staging-site\/#\/schema\/logo\/image\/","url":"https:\/\/www.edition-tawhid.com\/staging-site\/wp-content\/uploads\/2018\/12\/logo_noir_v1-01.png","contentUrl":"https:\/\/www.edition-tawhid.com\/staging-site\/wp-content\/uploads\/2018\/12\/logo_noir_v1-01.png","width":80,"height":112,"caption":"Editions Tawhid"},"image":{"@id":"https:\/\/www.edition-tawhid.com\/staging-site\/#\/schema\/logo\/image\/"},"sameAs":["https:\/\/www.facebook.com\/editiontawhid\/"]}]}},"_links":{"self":[{"href":"https:\/\/www.edition-tawhid.com\/staging-site\/wp-json\/wp\/v2\/product\/9177","targetHints":{"allow":["GET"]}}],"collection":[{"href":"https:\/\/www.edition-tawhid.com\/staging-site\/wp-json\/wp\/v2\/product"}],"about":[{"href":"https:\/\/www.edition-tawhid.com\/staging-site\/wp-json\/wp\/v2\/types\/product"}],"replies":[{"embeddable":true,"href":"https:\/\/www.edition-tawhid.com\/staging-site\/wp-json\/wp\/v2\/comments?post=9177"}],"wp:featuredmedia":[{"embeddable":true,"href":"https:\/\/www.edition-tawhid.com\/staging-site\/wp-json\/wp\/v2\/media\/12921"}],"wp:attachment":[{"href":"https:\/\/www.edition-tawhid.com\/staging-site\/wp-json\/wp\/v2\/media?parent=9177"}],"wp:term":[{"taxonomy":"product_brand","embeddable":true,"href":"https:\/\/www.edition-tawhid.com\/staging-site\/wp-json\/wp\/v2\/product_brand?post=9177"},{"taxonomy":"product_cat","embeddable":true,"href":"https:\/\/www.edition-tawhid.com\/staging-site\/wp-json\/wp\/v2\/product_cat?post=9177"},{"taxonomy":"product_tag","embeddable":true,"href":"https:\/\/www.edition-tawhid.com\/staging-site\/wp-json\/wp\/v2\/product_tag?post=9177"}],"curies":[{"name":"wp","href":"https:\/\/api.w.org\/{rel}","templated":true}]}}