{"id":9180,"date":"2020-08-25T17:22:27","date_gmt":"2020-08-25T15:22:27","guid":{"rendered":"https:\/\/www.edition-tawhid.com\/staging-site\/?post_type=product&#038;p=9180"},"modified":"2021-09-22T01:28:26","modified_gmt":"2021-09-21T23:28:26","slug":"lage-des-low-tech","status":"publish","type":"product","link":"https:\/\/www.edition-tawhid.com\/staging-site\/produit\/lage-des-low-tech\/","title":{"rendered":"L&rsquo;\u00c2ge des<br \/>low tech"},"content":{"rendered":"<p>Face aux signaux alarmants de la crise globale \u2013 croissance en berne, tensions sur l\u2019\u00e9nergie et les mati\u00e8res premi\u00e8res, effondrement de la biodiversit\u00e9, d\u00e9gradation et destruction des sols, changement climatique et pollution g\u00e9n\u00e9ralis\u00e9e \u2013 on cherche \u00e0 nous rassurer. Les technologies \u00ab vertes \u00bb seraient sur le point de sauver la plan\u00e8te et la croissance gr\u00e2ce \u00e0 une quatri\u00e8me r\u00e9volution industrielle, celle des \u00e9nergies renouvelables, des r\u00e9seaux intelligents, de l\u2019\u00e9conomie circulaire, des nano-bio-technologies et des imprimantes 3D.<\/p>\n<p>Plus consommatrices de ressources rares, plus difficiles \u00e0 recycler, trop complexes, ces nouvelles technologies tant vant\u00e9es nous conduisent pourtant dans l\u2019impasse. Ce livre d\u00e9monte un \u00e0 un les mirages des innovations high tech, et propose de prendre le contre-pied de la course en avant technologique en se tournant vers les low tech, les \u00ab basses technologies \u00bb. Il ne s\u2019agit pas de revenir \u00e0 la bougie, mais de conserver un niveau de confort et de civilisation agr\u00e9ables tout en \u00e9vitant les chocs des p\u00e9nuries \u00e0 venir. S\u2019il met \u00e0 bas nos derni\u00e8res illusions, c\u2019est pour mieux explorer les voies possibles vers un syst\u00e8me \u00e9conomique et industriel soutenable dans une plan\u00e8te finie.<\/p>\n<p><em>Philippe Bihouix est ing\u00e9nieur. Sp\u00e9cialiste de la finitude des ressources mini\u00e8res et de son \u00e9troite interaction avec la question \u00e9nerg\u00e9tique, il est coauteur de l\u2019ouvrage Quel futur pour les m\u00e9taux ?, 2010.<\/em><\/p>\n<h6>Livraison sous 8 \u00e0 10 jours.<\/h6>\n","protected":false},"excerpt":{"rendered":"<p>Face aux signaux alarmants de la crise globale \u2013 croissance en berne, tensions sur l\u2019\u00e9nergie et les mati\u00e8res premi\u00e8res, effondrement de la biodiversit\u00e9, d\u00e9gradation et destruction des sols, changement climatique et pollution g\u00e9n\u00e9ralis\u00e9e \u2013 on cherche \u00e0 nous rassurer. Les technologies \u00ab vertes \u00bb seraient sur le point de sauver la plan\u00e8te et la croissance gr\u00e2ce \u00e0 une quatri\u00e8me r\u00e9volution industrielle, celle des \u00e9nergies renouvelables, des r\u00e9seaux intelligents, de l\u2019\u00e9conomie circulaire, des nano-bio-technologies et des imprimantes 3D.<\/p>\n<h6>Livraison sous 8 \u00e0 10 jours.<\/h6>\n","protected":false},"featured_media":12932,"comment_status":"open","ping_status":"closed","template":"","meta":{"_acf_changed":false},"product_brand":[],"product_cat":[2890],"product_tag":[],"class_list":{"0":"post-9180","1":"product","2":"type-product","3":"status-publish","4":"has-post-thumbnail","6":"product_cat-actualites-et-alternatives","7":"pa_book-author-philippe-bihouix","9":"first","10":"instock","11":"taxable","12":"shipping-taxable","13":"purchasable","14":"product-type-simple"},"acf":[],"yoast_head":"<!-- This site is optimized with the Yoast SEO plugin v27.1.1 - https:\/\/yoast.com\/product\/yoast-seo-wordpress\/ -->\n<title>L&#039;\u00c2ge deslow tech - \u00c9ditions Tawhid<\/title>\n<meta name=\"robots\" content=\"noindex, follow, max-snippet:-1, max-image-preview:large, max-video-preview:-1\" \/>\n<meta property=\"og:locale\" content=\"fr_FR\" \/>\n<meta property=\"og:type\" content=\"article\" \/>\n<meta property=\"og:title\" content=\"L&#039;\u00c2ge deslow tech - \u00c9ditions Tawhid\" \/>\n<meta property=\"og:description\" content=\"Face aux signaux alarmants de la crise globale \u2013 croissance en berne, tensions sur l\u2019\u00e9nergie et les mati\u00e8res premi\u00e8res, effondrement de la biodiversit\u00e9, d\u00e9gradation et destruction des sols, changement climatique et pollution g\u00e9n\u00e9ralis\u00e9e \u2013 on cherche \u00e0 nous rassurer. Les technologies \u00ab vertes \u00bb seraient sur le point de sauver la plan\u00e8te et la croissance gr\u00e2ce \u00e0 une quatri\u00e8me r\u00e9volution industrielle, celle des \u00e9nergies renouvelables, des r\u00e9seaux intelligents, de l\u2019\u00e9conomie circulaire, des nano-bio-technologies et des imprimantes 3D. Livraison sous 8 \u00e0 10 jours.\" \/>\n<meta property=\"og:url\" content=\"https:\/\/www.edition-tawhid.com\/staging-site\/produit\/lage-des-low-tech\/\" \/>\n<meta property=\"og:site_name\" content=\"\u00c9ditions Tawhid\" \/>\n<meta property=\"article:publisher\" content=\"https:\/\/www.facebook.com\/editiontawhid\/\" \/>\n<meta property=\"article:modified_time\" content=\"2021-09-21T23:28:26+00:00\" \/>\n<meta property=\"og:image\" content=\"https:\/\/www.edition-tawhid.com\/staging-site\/wp-content\/uploads\/2020\/08\/bihouix_lowtech_1_NEW.jpg\" \/>\n\t<meta property=\"og:image:width\" content=\"791\" \/>\n\t<meta property=\"og:image:height\" content=\"1024\" \/>\n\t<meta property=\"og:image:type\" content=\"image\/jpeg\" \/>\n<meta name=\"twitter:card\" content=\"summary_large_image\" \/>\n<meta name=\"twitter:label1\" content=\"Dur\u00e9e de lecture estim\u00e9e\" \/>\n\t<meta name=\"twitter:data1\" content=\"1 minute\" \/>\n<script type=\"application\/ld+json\" class=\"yoast-schema-graph\">{\"@context\":\"https:\/\/schema.org\",\"@graph\":[{\"@type\":\"WebPage\",\"@id\":\"https:\/\/www.edition-tawhid.com\/staging-site\/produit\/lage-des-low-tech\/\",\"url\":\"https:\/\/www.edition-tawhid.com\/staging-site\/produit\/lage-des-low-tech\/\",\"name\":\"L'\u00c2ge des low tech - \u00c9ditions Tawhid\",\"isPartOf\":{\"@id\":\"https:\/\/www.edition-tawhid.com\/staging-site\/#website\"},\"primaryImageOfPage\":{\"@id\":\"https:\/\/www.edition-tawhid.com\/staging-site\/produit\/lage-des-low-tech\/#primaryimage\"},\"image\":{\"@id\":\"https:\/\/www.edition-tawhid.com\/staging-site\/produit\/lage-des-low-tech\/#primaryimage\"},\"thumbnailUrl\":\"https:\/\/www.edition-tawhid.com\/staging-site\/wp-content\/uploads\/2020\/08\/bihouix_lowtech_1_NEW.jpg\",\"datePublished\":\"2020-08-25T15:22:27+00:00\",\"dateModified\":\"2021-09-21T23:28:26+00:00\",\"breadcrumb\":{\"@id\":\"https:\/\/www.edition-tawhid.com\/staging-site\/produit\/lage-des-low-tech\/#breadcrumb\"},\"inLanguage\":\"fr-FR\",\"potentialAction\":[{\"@type\":\"ReadAction\",\"target\":[\"https:\/\/www.edition-tawhid.com\/staging-site\/produit\/lage-des-low-tech\/\"]}]},{\"@type\":\"ImageObject\",\"inLanguage\":\"fr-FR\",\"@id\":\"https:\/\/www.edition-tawhid.com\/staging-site\/produit\/lage-des-low-tech\/#primaryimage\",\"url\":\"https:\/\/www.edition-tawhid.com\/staging-site\/wp-content\/uploads\/2020\/08\/bihouix_lowtech_1_NEW.jpg\",\"contentUrl\":\"https:\/\/www.edition-tawhid.com\/staging-site\/wp-content\/uploads\/2020\/08\/bihouix_lowtech_1_NEW.jpg\",\"width\":791,\"height\":1024},{\"@type\":\"BreadcrumbList\",\"@id\":\"https:\/\/www.edition-tawhid.com\/staging-site\/produit\/lage-des-low-tech\/#breadcrumb\",\"itemListElement\":[{\"@type\":\"ListItem\",\"position\":1,\"name\":\"Accueil\",\"item\":\"https:\/\/www.edition-tawhid.com\/staging-site\/\"},{\"@type\":\"ListItem\",\"position\":2,\"name\":\"Tous nos livres\",\"item\":\"https:\/\/www.edition-tawhid.com\/staging-site\/tous-nos-livres\/\"},{\"@type\":\"ListItem\",\"position\":3,\"name\":\"L&#8217;\u00c2ge deslow tech\"}]},{\"@type\":\"WebSite\",\"@id\":\"https:\/\/www.edition-tawhid.com\/staging-site\/#website\",\"url\":\"https:\/\/www.edition-tawhid.com\/staging-site\/\",\"name\":\"\u00c9ditions Tawhid\",\"description\":\"Le sp\u00e9cialiste du livre islamique francophone\",\"publisher\":{\"@id\":\"https:\/\/www.edition-tawhid.com\/staging-site\/#organization\"},\"potentialAction\":[{\"@type\":\"SearchAction\",\"target\":{\"@type\":\"EntryPoint\",\"urlTemplate\":\"https:\/\/www.edition-tawhid.com\/staging-site\/?s={search_term_string}\"},\"query-input\":{\"@type\":\"PropertyValueSpecification\",\"valueRequired\":true,\"valueName\":\"search_term_string\"}}],\"inLanguage\":\"fr-FR\"},{\"@type\":\"Organization\",\"@id\":\"https:\/\/www.edition-tawhid.com\/staging-site\/#organization\",\"name\":\"Editions Tawhid\",\"url\":\"https:\/\/www.edition-tawhid.com\/staging-site\/\",\"logo\":{\"@type\":\"ImageObject\",\"inLanguage\":\"fr-FR\",\"@id\":\"https:\/\/www.edition-tawhid.com\/staging-site\/#\/schema\/logo\/image\/\",\"url\":\"https:\/\/www.edition-tawhid.com\/staging-site\/wp-content\/uploads\/2018\/12\/logo_noir_v1-01.png\",\"contentUrl\":\"https:\/\/www.edition-tawhid.com\/staging-site\/wp-content\/uploads\/2018\/12\/logo_noir_v1-01.png\",\"width\":80,\"height\":112,\"caption\":\"Editions Tawhid\"},\"image\":{\"@id\":\"https:\/\/www.edition-tawhid.com\/staging-site\/#\/schema\/logo\/image\/\"},\"sameAs\":[\"https:\/\/www.facebook.com\/editiontawhid\/\"]}]}<\/script>\n<!-- \/ Yoast SEO plugin. -->","yoast_head_json":{"title":"L'\u00c2ge deslow tech - \u00c9ditions Tawhid","robots":{"index":"noindex","follow":"follow","max-snippet":"max-snippet:-1","max-image-preview":"max-image-preview:large","max-video-preview":"max-video-preview:-1"},"og_locale":"fr_FR","og_type":"article","og_title":"L'\u00c2ge deslow tech - \u00c9ditions Tawhid","og_description":"Face aux signaux alarmants de la crise globale \u2013 croissance en berne, tensions sur l\u2019\u00e9nergie et les mati\u00e8res premi\u00e8res, effondrement de la biodiversit\u00e9, d\u00e9gradation et destruction des sols, changement climatique et pollution g\u00e9n\u00e9ralis\u00e9e \u2013 on cherche \u00e0 nous rassurer. Les technologies \u00ab vertes \u00bb seraient sur le point de sauver la plan\u00e8te et la croissance gr\u00e2ce \u00e0 une quatri\u00e8me r\u00e9volution industrielle, celle des \u00e9nergies renouvelables, des r\u00e9seaux intelligents, de l\u2019\u00e9conomie circulaire, des nano-bio-technologies et des imprimantes 3D. Livraison sous 8 \u00e0 10 jours.","og_url":"https:\/\/www.edition-tawhid.com\/staging-site\/produit\/lage-des-low-tech\/","og_site_name":"\u00c9ditions Tawhid","article_publisher":"https:\/\/www.facebook.com\/editiontawhid\/","article_modified_time":"2021-09-21T23:28:26+00:00","og_image":[{"width":791,"height":1024,"url":"https:\/\/www.edition-tawhid.com\/staging-site\/wp-content\/uploads\/2020\/08\/bihouix_lowtech_1_NEW.jpg","type":"image\/jpeg"}],"twitter_card":"summary_large_image","twitter_misc":{"Dur\u00e9e de lecture estim\u00e9e":"1 minute"},"schema":{"@context":"https:\/\/schema.org","@graph":[{"@type":"WebPage","@id":"https:\/\/www.edition-tawhid.com\/staging-site\/produit\/lage-des-low-tech\/","url":"https:\/\/www.edition-tawhid.com\/staging-site\/produit\/lage-des-low-tech\/","name":"L'\u00c2ge des low tech - \u00c9ditions Tawhid","isPartOf":{"@id":"https:\/\/www.edition-tawhid.com\/staging-site\/#website"},"primaryImageOfPage":{"@id":"https:\/\/www.edition-tawhid.com\/staging-site\/produit\/lage-des-low-tech\/#primaryimage"},"image":{"@id":"https:\/\/www.edition-tawhid.com\/staging-site\/produit\/lage-des-low-tech\/#primaryimage"},"thumbnailUrl":"https:\/\/www.edition-tawhid.com\/staging-site\/wp-content\/uploads\/2020\/08\/bihouix_lowtech_1_NEW.jpg","datePublished":"2020-08-25T15:22:27+00:00","dateModified":"2021-09-21T23:28:26+00:00","breadcrumb":{"@id":"https:\/\/www.edition-tawhid.com\/staging-site\/produit\/lage-des-low-tech\/#breadcrumb"},"inLanguage":"fr-FR","potentialAction":[{"@type":"ReadAction","target":["https:\/\/www.edition-tawhid.com\/staging-site\/produit\/lage-des-low-tech\/"]}]},{"@type":"ImageObject","inLanguage":"fr-FR","@id":"https:\/\/www.edition-tawhid.com\/staging-site\/produit\/lage-des-low-tech\/#primaryimage","url":"https:\/\/www.edition-tawhid.com\/staging-site\/wp-content\/uploads\/2020\/08\/bihouix_lowtech_1_NEW.jpg","contentUrl":"https:\/\/www.edition-tawhid.com\/staging-site\/wp-content\/uploads\/2020\/08\/bihouix_lowtech_1_NEW.jpg","width":791,"height":1024},{"@type":"BreadcrumbList","@id":"https:\/\/www.edition-tawhid.com\/staging-site\/produit\/lage-des-low-tech\/#breadcrumb","itemListElement":[{"@type":"ListItem","position":1,"name":"Accueil","item":"https:\/\/www.edition-tawhid.com\/staging-site\/"},{"@type":"ListItem","position":2,"name":"Tous nos livres","item":"https:\/\/www.edition-tawhid.com\/staging-site\/tous-nos-livres\/"},{"@type":"ListItem","position":3,"name":"L&#8217;\u00c2ge deslow tech"}]},{"@type":"WebSite","@id":"https:\/\/www.edition-tawhid.com\/staging-site\/#website","url":"https:\/\/www.edition-tawhid.com\/staging-site\/","name":"\u00c9ditions Tawhid","description":"Le sp\u00e9cialiste du livre islamique francophone","publisher":{"@id":"https:\/\/www.edition-tawhid.com\/staging-site\/#organization"},"potentialAction":[{"@type":"SearchAction","target":{"@type":"EntryPoint","urlTemplate":"https:\/\/www.edition-tawhid.com\/staging-site\/?s={search_term_string}"},"query-input":{"@type":"PropertyValueSpecification","valueRequired":true,"valueName":"search_term_string"}}],"inLanguage":"fr-FR"},{"@type":"Organization","@id":"https:\/\/www.edition-tawhid.com\/staging-site\/#organization","name":"Editions Tawhid","url":"https:\/\/www.edition-tawhid.com\/staging-site\/","logo":{"@type":"ImageObject","inLanguage":"fr-FR","@id":"https:\/\/www.edition-tawhid.com\/staging-site\/#\/schema\/logo\/image\/","url":"https:\/\/www.edition-tawhid.com\/staging-site\/wp-content\/uploads\/2018\/12\/logo_noir_v1-01.png","contentUrl":"https:\/\/www.edition-tawhid.com\/staging-site\/wp-content\/uploads\/2018\/12\/logo_noir_v1-01.png","width":80,"height":112,"caption":"Editions Tawhid"},"image":{"@id":"https:\/\/www.edition-tawhid.com\/staging-site\/#\/schema\/logo\/image\/"},"sameAs":["https:\/\/www.facebook.com\/editiontawhid\/"]}]}},"_links":{"self":[{"href":"https:\/\/www.edition-tawhid.com\/staging-site\/wp-json\/wp\/v2\/product\/9180","targetHints":{"allow":["GET"]}}],"collection":[{"href":"https:\/\/www.edition-tawhid.com\/staging-site\/wp-json\/wp\/v2\/product"}],"about":[{"href":"https:\/\/www.edition-tawhid.com\/staging-site\/wp-json\/wp\/v2\/types\/product"}],"replies":[{"embeddable":true,"href":"https:\/\/www.edition-tawhid.com\/staging-site\/wp-json\/wp\/v2\/comments?post=9180"}],"wp:featuredmedia":[{"embeddable":true,"href":"https:\/\/www.edition-tawhid.com\/staging-site\/wp-json\/wp\/v2\/media\/12932"}],"wp:attachment":[{"href":"https:\/\/www.edition-tawhid.com\/staging-site\/wp-json\/wp\/v2\/media?parent=9180"}],"wp:term":[{"taxonomy":"product_brand","embeddable":true,"href":"https:\/\/www.edition-tawhid.com\/staging-site\/wp-json\/wp\/v2\/product_brand?post=9180"},{"taxonomy":"product_cat","embeddable":true,"href":"https:\/\/www.edition-tawhid.com\/staging-site\/wp-json\/wp\/v2\/product_cat?post=9180"},{"taxonomy":"product_tag","embeddable":true,"href":"https:\/\/www.edition-tawhid.com\/staging-site\/wp-json\/wp\/v2\/product_tag?post=9180"}],"curies":[{"name":"wp","href":"https:\/\/api.w.org\/{rel}","templated":true}]}}