{"id":9185,"date":"2020-08-25T17:42:11","date_gmt":"2020-08-25T15:42:11","guid":{"rendered":"https:\/\/www.edition-tawhid.com\/staging-site\/?post_type=product&#038;p=9185"},"modified":"2022-04-14T09:56:57","modified_gmt":"2022-04-14T07:56:57","slug":"notre-dame-des-landes","status":"publish","type":"product","link":"https:\/\/www.edition-tawhid.com\/staging-site\/produit\/notre-dame-des-landes\/","title":{"rendered":"Notre-Dame-des-Landes"},"content":{"rendered":"<p>Autour d\u2019un projet d\u2019a\u00e9roport au nord de Nantes se joue la plus grande bataille \u00e9cologique fran\u00e7aise des ann\u00e9es 2010. Par quelle alchimie une lutte ancienne dans le bocage breton est-elle devenue l\u2019embl\u00e8me d\u2019une contestation globale du \u00ab d\u00e9veloppement \u00e9conomique \u00bb et le th\u00e9\u00e2tre d\u2019une nouvelle fa\u00e7on de vivre et de faire la politique ? C\u2019est ce qu\u2019explique ce r\u00e9cit captivant, nourri de reportages et d\u2019une profonde empathie avec les acteurs de cette aventure passionnante.<\/p>\n<p>Ce livre propose aussi le dossier pr\u00e9cis de l\u2019histoire du projet, montrant que le soul\u00e8vement de Notre-Dame-des-Landes esquisse les contours d\u2019une politique revenue \u00e0 la d\u00e9mocratie, qui replace au premier plan la question agricole, la lutte contre l\u2019effet de serre et une vision libertaire de la vie commune.<\/p>\n<p><em>Herv\u00e9 Kempf est l\u2019auteur d\u2019essais stimulants, et bien accueillis par le public \u2013 r\u00e9cemment, fin de l\u2019Occident, naissance du monde (Seuil, 2013). Comme journaliste, il a sorti plusieurs \u00ab scoops \u00bb sur Notre-Dame-des-Landes. Pour lui, la condition essentielle d\u2019une information au service de la d\u00e9mocratie porte un nom simple et beau : la libert\u00e9.<\/em><\/p>\n<h6>Livraison sous 8 \u00e0 10 jours.<\/h6>\n","protected":false},"excerpt":{"rendered":"<p>Autour d\u2019un projet d\u2019a\u00e9roport au nord de Nantes se joue la plus grande bataille \u00e9cologique fran\u00e7aise des ann\u00e9es 2010. Par quelle alchimie une lutte ancienne dans le bocage breton est-elle devenue l\u2019embl\u00e8me d\u2019une contestation globale du \u00ab d\u00e9veloppement \u00e9conomique \u00bb et le th\u00e9\u00e2tre d\u2019une nouvelle fa\u00e7on de vivre et de faire la politique ? C\u2019est ce qu\u2019explique ce r\u00e9cit captivant, nourri de reportages et d\u2019une profonde empathie avec les acteurs de cette aventure passionnante.<\/p>\n<p>Ce livre propose aussi le dossier pr\u00e9cis de l\u2019histoire du projet, montrant que le soul\u00e8vement de Notre-Dame-des-Landes esquisse les contours d\u2019une politique revenue \u00e0 la d\u00e9mocratie, qui replace au premier plan la question agricole, la lutte contre l\u2019effet de serre et une vision libertaire de la vie commune.<\/p>\n<h6>Livraison sous 8 \u00e0 10 jours.<\/h6>\n","protected":false},"featured_media":12918,"comment_status":"open","ping_status":"closed","template":"","meta":{"_acf_changed":false},"product_brand":[],"product_cat":[2890],"product_tag":[],"class_list":{"0":"post-9185","1":"product","2":"type-product","3":"status-publish","4":"has-post-thumbnail","6":"product_cat-actualites-et-alternatives","7":"pa_book-author-herve-kempf","9":"first","10":"instock","11":"taxable","12":"shipping-taxable","13":"purchasable","14":"product-type-simple"},"acf":[],"yoast_head":"<!-- This site is optimized with the Yoast SEO plugin v27.1.1 - https:\/\/yoast.com\/product\/yoast-seo-wordpress\/ -->\n<title>Notre-Dame-des-Landes - \u00c9ditions Tawhid<\/title>\n<meta name=\"robots\" content=\"noindex, follow, max-snippet:-1, max-image-preview:large, max-video-preview:-1\" \/>\n<meta property=\"og:locale\" content=\"fr_FR\" \/>\n<meta property=\"og:type\" content=\"article\" \/>\n<meta property=\"og:title\" content=\"Notre-Dame-des-Landes - \u00c9ditions Tawhid\" \/>\n<meta property=\"og:description\" content=\"Autour d\u2019un projet d\u2019a\u00e9roport au nord de Nantes se joue la plus grande bataille \u00e9cologique fran\u00e7aise des ann\u00e9es 2010. Par quelle alchimie une lutte ancienne dans le bocage breton est-elle devenue l\u2019embl\u00e8me d\u2019une contestation globale du \u00ab d\u00e9veloppement \u00e9conomique \u00bb et le th\u00e9\u00e2tre d\u2019une nouvelle fa\u00e7on de vivre et de faire la politique ? C\u2019est ce qu\u2019explique ce r\u00e9cit captivant, nourri de reportages et d\u2019une profonde empathie avec les acteurs de cette aventure passionnante.  Ce livre propose aussi le dossier pr\u00e9cis de l\u2019histoire du projet, montrant que le soul\u00e8vement de Notre-Dame-des-Landes esquisse les contours d\u2019une politique revenue \u00e0 la d\u00e9mocratie, qui replace au premier plan la question agricole, la lutte contre l\u2019effet de serre et une vision libertaire de la vie commune. Livraison sous 8 \u00e0 10 jours.\" \/>\n<meta property=\"og:url\" content=\"https:\/\/www.edition-tawhid.com\/staging-site\/produit\/notre-dame-des-landes\/\" \/>\n<meta property=\"og:site_name\" content=\"\u00c9ditions Tawhid\" \/>\n<meta property=\"article:publisher\" content=\"https:\/\/www.facebook.com\/editiontawhid\/\" \/>\n<meta property=\"article:modified_time\" content=\"2022-04-14T07:56:57+00:00\" \/>\n<meta property=\"og:image\" content=\"https:\/\/www.edition-tawhid.com\/staging-site\/wp-content\/uploads\/2020\/08\/reporterre_notredame_1_NEW.jpg\" \/>\n\t<meta property=\"og:image:width\" content=\"791\" \/>\n\t<meta property=\"og:image:height\" content=\"1024\" \/>\n\t<meta property=\"og:image:type\" content=\"image\/jpeg\" \/>\n<meta name=\"twitter:card\" content=\"summary_large_image\" \/>\n<meta name=\"twitter:label1\" content=\"Dur\u00e9e de lecture estim\u00e9e\" \/>\n\t<meta name=\"twitter:data1\" content=\"1 minute\" \/>\n<script type=\"application\/ld+json\" class=\"yoast-schema-graph\">{\"@context\":\"https:\/\/schema.org\",\"@graph\":[{\"@type\":\"WebPage\",\"@id\":\"https:\/\/www.edition-tawhid.com\/staging-site\/produit\/notre-dame-des-landes\/\",\"url\":\"https:\/\/www.edition-tawhid.com\/staging-site\/produit\/notre-dame-des-landes\/\",\"name\":\"Notre-Dame-des-Landes - \u00c9ditions Tawhid\",\"isPartOf\":{\"@id\":\"https:\/\/www.edition-tawhid.com\/staging-site\/#website\"},\"primaryImageOfPage\":{\"@id\":\"https:\/\/www.edition-tawhid.com\/staging-site\/produit\/notre-dame-des-landes\/#primaryimage\"},\"image\":{\"@id\":\"https:\/\/www.edition-tawhid.com\/staging-site\/produit\/notre-dame-des-landes\/#primaryimage\"},\"thumbnailUrl\":\"https:\/\/www.edition-tawhid.com\/staging-site\/wp-content\/uploads\/2020\/08\/reporterre_notredame_1_NEW.jpg\",\"datePublished\":\"2020-08-25T15:42:11+00:00\",\"dateModified\":\"2022-04-14T07:56:57+00:00\",\"breadcrumb\":{\"@id\":\"https:\/\/www.edition-tawhid.com\/staging-site\/produit\/notre-dame-des-landes\/#breadcrumb\"},\"inLanguage\":\"fr-FR\",\"potentialAction\":[{\"@type\":\"ReadAction\",\"target\":[\"https:\/\/www.edition-tawhid.com\/staging-site\/produit\/notre-dame-des-landes\/\"]}]},{\"@type\":\"ImageObject\",\"inLanguage\":\"fr-FR\",\"@id\":\"https:\/\/www.edition-tawhid.com\/staging-site\/produit\/notre-dame-des-landes\/#primaryimage\",\"url\":\"https:\/\/www.edition-tawhid.com\/staging-site\/wp-content\/uploads\/2020\/08\/reporterre_notredame_1_NEW.jpg\",\"contentUrl\":\"https:\/\/www.edition-tawhid.com\/staging-site\/wp-content\/uploads\/2020\/08\/reporterre_notredame_1_NEW.jpg\",\"width\":791,\"height\":1024},{\"@type\":\"BreadcrumbList\",\"@id\":\"https:\/\/www.edition-tawhid.com\/staging-site\/produit\/notre-dame-des-landes\/#breadcrumb\",\"itemListElement\":[{\"@type\":\"ListItem\",\"position\":1,\"name\":\"Accueil\",\"item\":\"https:\/\/www.edition-tawhid.com\/staging-site\/\"},{\"@type\":\"ListItem\",\"position\":2,\"name\":\"Tous nos livres\",\"item\":\"https:\/\/www.edition-tawhid.com\/staging-site\/tous-nos-livres\/\"},{\"@type\":\"ListItem\",\"position\":3,\"name\":\"Notre-Dame-des-Landes\"}]},{\"@type\":\"WebSite\",\"@id\":\"https:\/\/www.edition-tawhid.com\/staging-site\/#website\",\"url\":\"https:\/\/www.edition-tawhid.com\/staging-site\/\",\"name\":\"\u00c9ditions Tawhid\",\"description\":\"Le sp\u00e9cialiste du livre islamique francophone\",\"publisher\":{\"@id\":\"https:\/\/www.edition-tawhid.com\/staging-site\/#organization\"},\"potentialAction\":[{\"@type\":\"SearchAction\",\"target\":{\"@type\":\"EntryPoint\",\"urlTemplate\":\"https:\/\/www.edition-tawhid.com\/staging-site\/?s={search_term_string}\"},\"query-input\":{\"@type\":\"PropertyValueSpecification\",\"valueRequired\":true,\"valueName\":\"search_term_string\"}}],\"inLanguage\":\"fr-FR\"},{\"@type\":\"Organization\",\"@id\":\"https:\/\/www.edition-tawhid.com\/staging-site\/#organization\",\"name\":\"Editions Tawhid\",\"url\":\"https:\/\/www.edition-tawhid.com\/staging-site\/\",\"logo\":{\"@type\":\"ImageObject\",\"inLanguage\":\"fr-FR\",\"@id\":\"https:\/\/www.edition-tawhid.com\/staging-site\/#\/schema\/logo\/image\/\",\"url\":\"https:\/\/www.edition-tawhid.com\/staging-site\/wp-content\/uploads\/2018\/12\/logo_noir_v1-01.png\",\"contentUrl\":\"https:\/\/www.edition-tawhid.com\/staging-site\/wp-content\/uploads\/2018\/12\/logo_noir_v1-01.png\",\"width\":80,\"height\":112,\"caption\":\"Editions Tawhid\"},\"image\":{\"@id\":\"https:\/\/www.edition-tawhid.com\/staging-site\/#\/schema\/logo\/image\/\"},\"sameAs\":[\"https:\/\/www.facebook.com\/editiontawhid\/\"]}]}<\/script>\n<!-- \/ Yoast SEO plugin. -->","yoast_head_json":{"title":"Notre-Dame-des-Landes - \u00c9ditions Tawhid","robots":{"index":"noindex","follow":"follow","max-snippet":"max-snippet:-1","max-image-preview":"max-image-preview:large","max-video-preview":"max-video-preview:-1"},"og_locale":"fr_FR","og_type":"article","og_title":"Notre-Dame-des-Landes - \u00c9ditions Tawhid","og_description":"Autour d\u2019un projet d\u2019a\u00e9roport au nord de Nantes se joue la plus grande bataille \u00e9cologique fran\u00e7aise des ann\u00e9es 2010. Par quelle alchimie une lutte ancienne dans le bocage breton est-elle devenue l\u2019embl\u00e8me d\u2019une contestation globale du \u00ab d\u00e9veloppement \u00e9conomique \u00bb et le th\u00e9\u00e2tre d\u2019une nouvelle fa\u00e7on de vivre et de faire la politique ? C\u2019est ce qu\u2019explique ce r\u00e9cit captivant, nourri de reportages et d\u2019une profonde empathie avec les acteurs de cette aventure passionnante.  Ce livre propose aussi le dossier pr\u00e9cis de l\u2019histoire du projet, montrant que le soul\u00e8vement de Notre-Dame-des-Landes esquisse les contours d\u2019une politique revenue \u00e0 la d\u00e9mocratie, qui replace au premier plan la question agricole, la lutte contre l\u2019effet de serre et une vision libertaire de la vie commune. Livraison sous 8 \u00e0 10 jours.","og_url":"https:\/\/www.edition-tawhid.com\/staging-site\/produit\/notre-dame-des-landes\/","og_site_name":"\u00c9ditions Tawhid","article_publisher":"https:\/\/www.facebook.com\/editiontawhid\/","article_modified_time":"2022-04-14T07:56:57+00:00","og_image":[{"width":791,"height":1024,"url":"https:\/\/www.edition-tawhid.com\/staging-site\/wp-content\/uploads\/2020\/08\/reporterre_notredame_1_NEW.jpg","type":"image\/jpeg"}],"twitter_card":"summary_large_image","twitter_misc":{"Dur\u00e9e de lecture estim\u00e9e":"1 minute"},"schema":{"@context":"https:\/\/schema.org","@graph":[{"@type":"WebPage","@id":"https:\/\/www.edition-tawhid.com\/staging-site\/produit\/notre-dame-des-landes\/","url":"https:\/\/www.edition-tawhid.com\/staging-site\/produit\/notre-dame-des-landes\/","name":"Notre-Dame-des-Landes - \u00c9ditions Tawhid","isPartOf":{"@id":"https:\/\/www.edition-tawhid.com\/staging-site\/#website"},"primaryImageOfPage":{"@id":"https:\/\/www.edition-tawhid.com\/staging-site\/produit\/notre-dame-des-landes\/#primaryimage"},"image":{"@id":"https:\/\/www.edition-tawhid.com\/staging-site\/produit\/notre-dame-des-landes\/#primaryimage"},"thumbnailUrl":"https:\/\/www.edition-tawhid.com\/staging-site\/wp-content\/uploads\/2020\/08\/reporterre_notredame_1_NEW.jpg","datePublished":"2020-08-25T15:42:11+00:00","dateModified":"2022-04-14T07:56:57+00:00","breadcrumb":{"@id":"https:\/\/www.edition-tawhid.com\/staging-site\/produit\/notre-dame-des-landes\/#breadcrumb"},"inLanguage":"fr-FR","potentialAction":[{"@type":"ReadAction","target":["https:\/\/www.edition-tawhid.com\/staging-site\/produit\/notre-dame-des-landes\/"]}]},{"@type":"ImageObject","inLanguage":"fr-FR","@id":"https:\/\/www.edition-tawhid.com\/staging-site\/produit\/notre-dame-des-landes\/#primaryimage","url":"https:\/\/www.edition-tawhid.com\/staging-site\/wp-content\/uploads\/2020\/08\/reporterre_notredame_1_NEW.jpg","contentUrl":"https:\/\/www.edition-tawhid.com\/staging-site\/wp-content\/uploads\/2020\/08\/reporterre_notredame_1_NEW.jpg","width":791,"height":1024},{"@type":"BreadcrumbList","@id":"https:\/\/www.edition-tawhid.com\/staging-site\/produit\/notre-dame-des-landes\/#breadcrumb","itemListElement":[{"@type":"ListItem","position":1,"name":"Accueil","item":"https:\/\/www.edition-tawhid.com\/staging-site\/"},{"@type":"ListItem","position":2,"name":"Tous nos livres","item":"https:\/\/www.edition-tawhid.com\/staging-site\/tous-nos-livres\/"},{"@type":"ListItem","position":3,"name":"Notre-Dame-des-Landes"}]},{"@type":"WebSite","@id":"https:\/\/www.edition-tawhid.com\/staging-site\/#website","url":"https:\/\/www.edition-tawhid.com\/staging-site\/","name":"\u00c9ditions Tawhid","description":"Le sp\u00e9cialiste du livre islamique francophone","publisher":{"@id":"https:\/\/www.edition-tawhid.com\/staging-site\/#organization"},"potentialAction":[{"@type":"SearchAction","target":{"@type":"EntryPoint","urlTemplate":"https:\/\/www.edition-tawhid.com\/staging-site\/?s={search_term_string}"},"query-input":{"@type":"PropertyValueSpecification","valueRequired":true,"valueName":"search_term_string"}}],"inLanguage":"fr-FR"},{"@type":"Organization","@id":"https:\/\/www.edition-tawhid.com\/staging-site\/#organization","name":"Editions Tawhid","url":"https:\/\/www.edition-tawhid.com\/staging-site\/","logo":{"@type":"ImageObject","inLanguage":"fr-FR","@id":"https:\/\/www.edition-tawhid.com\/staging-site\/#\/schema\/logo\/image\/","url":"https:\/\/www.edition-tawhid.com\/staging-site\/wp-content\/uploads\/2018\/12\/logo_noir_v1-01.png","contentUrl":"https:\/\/www.edition-tawhid.com\/staging-site\/wp-content\/uploads\/2018\/12\/logo_noir_v1-01.png","width":80,"height":112,"caption":"Editions Tawhid"},"image":{"@id":"https:\/\/www.edition-tawhid.com\/staging-site\/#\/schema\/logo\/image\/"},"sameAs":["https:\/\/www.facebook.com\/editiontawhid\/"]}]}},"_links":{"self":[{"href":"https:\/\/www.edition-tawhid.com\/staging-site\/wp-json\/wp\/v2\/product\/9185","targetHints":{"allow":["GET"]}}],"collection":[{"href":"https:\/\/www.edition-tawhid.com\/staging-site\/wp-json\/wp\/v2\/product"}],"about":[{"href":"https:\/\/www.edition-tawhid.com\/staging-site\/wp-json\/wp\/v2\/types\/product"}],"replies":[{"embeddable":true,"href":"https:\/\/www.edition-tawhid.com\/staging-site\/wp-json\/wp\/v2\/comments?post=9185"}],"wp:featuredmedia":[{"embeddable":true,"href":"https:\/\/www.edition-tawhid.com\/staging-site\/wp-json\/wp\/v2\/media\/12918"}],"wp:attachment":[{"href":"https:\/\/www.edition-tawhid.com\/staging-site\/wp-json\/wp\/v2\/media?parent=9185"}],"wp:term":[{"taxonomy":"product_brand","embeddable":true,"href":"https:\/\/www.edition-tawhid.com\/staging-site\/wp-json\/wp\/v2\/product_brand?post=9185"},{"taxonomy":"product_cat","embeddable":true,"href":"https:\/\/www.edition-tawhid.com\/staging-site\/wp-json\/wp\/v2\/product_cat?post=9185"},{"taxonomy":"product_tag","embeddable":true,"href":"https:\/\/www.edition-tawhid.com\/staging-site\/wp-json\/wp\/v2\/product_tag?post=9185"}],"curies":[{"name":"wp","href":"https:\/\/api.w.org\/{rel}","templated":true}]}}